216.73.217.114 - - [18/Apr/2026:12:30:31 +0000] "GET /sitemap-5.xml HTTP/2" 404 796 "-" "Mozilla/5.0 AppleWebKit/537.36 (KHTML, like Gecko; compatible; ClaudeBot/1.0; +claudebot@anthropic.com)"
85.208.96.200 - - [18/Apr/2026:12:30:37 +0000] "GET /items/D033998203/ HTTP/1.1" 404 796 "-" "Mozilla/5.0 (compatible; SemrushBot/7~bl; +http://www.semrush.com/bot.html)"
85.208.96.211 - - [18/Apr/2026:12:31:23 +0000] "GET /items/D033483727/ HTTP/1.1" 404 796 "-" "Mozilla/5.0 (compatible; SemrushBot/7~bl; +http://www.semrush.com/bot.html)"
185.191.171.5 - - [18/Apr/2026:12:31:30 +0000] "GET /items/D031887630/ HTTP/1.1" 404 796 "-" "Mozilla/5.0 (compatible; SemrushBot/7~bl; +http://www.semrush.com/bot.html)"
185.191.171.17 - - [18/Apr/2026:12:32:00 +0000] "GET /items/D031638001/ HTTP/1.1" 404 796 "-" "Mozilla/5.0 (compatible; SemrushBot/7~bl; +http://www.semrush.com/bot.html)"
85.208.96.205 - - [18/Apr/2026:12:32:32 +0000] "GET /items/D034542022/ HTTP/1.1" 404 796 "-" "Mozilla/5.0 (compatible; SemrushBot/7~bl; +http://www.semrush.com/bot.html)"
185.191.171.7 - - [18/Apr/2026:12:33:01 +0000] "GET /items/D033696868/ HTTP/1.1" 404 796 "-" "Mozilla/5.0 (compatible; SemrushBot/7~bl; +http://www.semrush.com/bot.html)"
216.73.217.114 - - [18/Apr/2026:12:33:12 +0000] "GET /sitemap-10.xml HTTP/2" 404 796 "-" "Mozilla/5.0 AppleWebKit/537.36 (KHTML, like Gecko; compatible; ClaudeBot/1.0; +claudebot@anthropic.com)"
185.191.171.1 - - [18/Apr/2026:12:33:28 +0000] "GET /items/D034513242/ HTTP/1.1" 404 796 "-" "Mozilla/5.0 (compatible; SemrushBot/7~bl; +http://www.semrush.com/bot.html)"
185.191.171.9 - - [18/Apr/2026:12:34:36 +0000] "GET /items/D034205550/ HTTP/1.1" 404 796 "-" "Mozilla/5.0 (compatible; SemrushBot/7~bl; +http://www.semrush.com/bot.html)"
216.73.217.114 - - [18/Apr/2026:12:34:51 +0000] "GET /sitemap-15.xml HTTP/2" 404 796 "-" "Mozilla/5.0 AppleWebKit/537.36 (KHTML, like Gecko; compatible; ClaudeBot/1.0; +claudebot@anthropic.com)"
85.208.96.212 - - [18/Apr/2026:12:34:53 +0000] "GET /items/D031118145/ HTTP/1.1" 404 796 "-" "Mozilla/5.0 (compatible; SemrushBot/7~bl; +http://www.semrush.com/bot.html)"
216.73.217.114 - - [18/Apr/2026:12:35:44 +0000] "GET /sitemap-9.xml HTTP/2" 404 796 "-" "Mozilla/5.0 AppleWebKit/537.36 (KHTML, like Gecko; compatible; ClaudeBot/1.0; +claudebot@anthropic.com)"
216.73.217.114 - - [18/Apr/2026:12:35:44 +0000] "GET /sitemap-8.xml HTTP/2" 404 796 "-" "Mozilla/5.0 AppleWebKit/537.36 (KHTML, like Gecko; compatible; ClaudeBot/1.0; +claudebot@anthropic.com)"
94.23.188.193 - - [18/Apr/2026:12:36:07 +0000] "GET /item/3206681 HTTP/2" 404 796 "-" "Mozilla/5.0 (compatible; AhrefsBot/7.0; +http://ahrefs.com/robot/)"
185.191.171.3 - - [18/Apr/2026:12:36:59 +0000] "GET /items/D033028606/ HTTP/1.1" 404 796 "-" "Mozilla/5.0 (compatible; SemrushBot/7~bl; +http://www.semrush.com/bot.html)"
85.208.96.199 - - [18/Apr/2026:12:37:05 +0000] "GET /items/D034614431/ HTTP/1.1" 404 796 "-" "Mozilla/5.0 (compatible; SemrushBot/7~bl; +http://www.semrush.com/bot.html)"
85.208.96.196 - - [18/Apr/2026:12:37:20 +0000] "GET /items/D032546589/ HTTP/1.1" 404 796 "-" "Mozilla/5.0 (compatible; SemrushBot/7~bl; +http://www.semrush.com/bot.html)"
85.208.96.212 - - [18/Apr/2026:12:37:29 +0000] "GET /items/D031138095/ HTTP/1.1" 404 796 "-" "Mozilla/5.0 (compatible; SemrushBot/7~bl; +http://www.semrush.com/bot.html)"
85.208.96.196 - - [18/Apr/2026:12:38:38 +0000] "GET /items/D034394405/ HTTP/1.1" 404 796 "-" "Mozilla/5.0 (compatible; SemrushBot/7~bl; +http://www.semrush.com/bot.html)"
85.208.96.200 - - [18/Apr/2026:12:38:59 +0000] "GET /items/D032967046/ HTTP/1.1" 404 796 "-" "Mozilla/5.0 (compatible; SemrushBot/7~bl; +http://www.semrush.com/bot.html)"
37.59.204.132 - - [18/Apr/2026:12:39:14 +0000] "GET /item/3072942 HTTP/2" 404 796 "-" "Mozilla/5.0 (compatible; AhrefsBot/7.0; +http://ahrefs.com/robot/)"
185.191.171.1 - - [18/Apr/2026:12:34:00 +0000] "GET /items/D034375919/ HTTP/1.1" 404 796 "-" "Mozilla/5.0 (compatible; SemrushBot/7~bl; +http://www.semrush.com/bot.html)"
185.191.171.5 - - [18/Apr/2026:12:34:08 +0000] "GET /items/D032527122/ HTTP/1.1" 404 796 "-" "Mozilla/5.0 (compatible; SemrushBot/7~bl; +http://www.semrush.com/bot.html)"
185.191.171.15 - - [18/Apr/2026:12:34:38 +0000] "GET /items/D031767352/ HTTP/1.1" 404 796 "-" "Mozilla/5.0 (compatible; SemrushBot/7~bl; +http://www.semrush.com/bot.html)"
185.191.171.8 - - [18/Apr/2026:12:34:46 +0000] "GET /items/D032597205/ HTTP/1.1" 404 796 "-" "Mozilla/5.0 (compatible; SemrushBot/7~bl; +http://www.semrush.com/bot.html)"
185.191.171.1 - - [18/Apr/2026:12:35:01 +0000] "GET /items/D033276604/ HTTP/1.1" 404 796 "-" "Mozilla/5.0 (compatible; SemrushBot/7~bl; +http://www.semrush.com/bot.html)"
85.208.96.207 - - [18/Apr/2026:12:35:25 +0000] "GET /items/D032695214/ HTTP/1.1" 404 796 "-" "Mozilla/5.0 (compatible; SemrushBot/7~bl; +http://www.semrush.com/bot.html)"
85.208.96.199 - - [18/Apr/2026:12:35:36 +0000] "GET /items/D033554974/ HTTP/1.1" 404 796 "-" "Mozilla/5.0 (compatible; SemrushBot/7~bl; +http://www.semrush.com/bot.html)"
185.191.171.7 - - [18/Apr/2026:12:36:01 +0000] "GET /items/D033750255/ HTTP/1.1" 404 796 "-" "Mozilla/5.0 (compatible; SemrushBot/7~bl; +http://www.semrush.com/bot.html)"
85.208.96.201 - - [18/Apr/2026:12:36:05 +0000] "GET /items/D033845453/ HTTP/1.1" 404 796 "-" "Mozilla/5.0 (compatible; SemrushBot/7~bl; +http://www.semrush.com/bot.html)"
85.208.96.211 - - [18/Apr/2026:12:36:17 +0000] "GET /items/D031229463/ HTTP/1.1" 404 796 "-" "Mozilla/5.0 (compatible; SemrushBot/7~bl; +http://www.semrush.com/bot.html)"
185.191.171.7 - - [18/Apr/2026:12:36:41 +0000] "GET /items/D032877975/ HTTP/1.1" 404 796 "-" "Mozilla/5.0 (compatible; SemrushBot/7~bl; +http://www.semrush.com/bot.html)"
185.191.171.4 - - [18/Apr/2026:12:36:49 +0000] "GET /items/D034547174/ HTTP/1.1" 404 796 "-" "Mozilla/5.0 (compatible; SemrushBot/7~bl; +http://www.semrush.com/bot.html)"
85.208.96.207 - - [18/Apr/2026:12:37:48 +0000] "GET /items/D032443072/ HTTP/1.1" 404 796 "-" "Mozilla/5.0 (compatible; SemrushBot/7~bl; +http://www.semrush.com/bot.html)"
85.208.96.198 - - [18/Apr/2026:12:37:49 +0000] "GET /items/D031147884/ HTTP/1.1" 404 796 "-" "Mozilla/5.0 (compatible; SemrushBot/7~bl; +http://www.semrush.com/bot.html)"
185.191.171.7 - - [18/Apr/2026:12:38:07 +0000] "GET /items/D032064679/ HTTP/1.1" 404 796 "-" "Mozilla/5.0 (compatible; SemrushBot/7~bl; +http://www.semrush.com/bot.html)"
85.208.96.196 - - [18/Apr/2026:12:38:16 +0000] "GET /items/D031750516/ HTTP/1.1" 404 796 "-" "Mozilla/5.0 (compatible; SemrushBot/7~bl; +http://www.semrush.com/bot.html)"
85.208.96.207 - - [18/Apr/2026:12:38:43 +0000] "GET /items/D034128371/ HTTP/1.1" 404 796 "-" "Mozilla/5.0 (compatible; SemrushBot/7~bl; +http://www.semrush.com/bot.html)"
185.191.171.11 - - [18/Apr/2026:12:38:46 +0000] "GET /items/D032654889/ HTTP/1.1" 404 796 "-" "Mozilla/5.0 (compatible; SemrushBot/7~bl; +http://www.semrush.com/bot.html)"
85.208.96.212 - - [18/Apr/2026:12:39:46 +0000] "GET /items/D033101182/ HTTP/1.1" 404 796 "-" "Mozilla/5.0 (compatible; SemrushBot/7~bl; +http://www.semrush.com/bot.html)"
185.191.171.7 - - [18/Apr/2026:12:40:01 +0000] "GET /items/D032925795/ HTTP/1.1" 404 796 "-" "Mozilla/5.0 (compatible; SemrushBot/7~bl; +http://www.semrush.com/bot.html)"
185.191.171.14 - - [18/Apr/2026:12:40:08 +0000] "GET /items/D032533300/ HTTP/1.1" 404 796 "-" "Mozilla/5.0 (compatible; SemrushBot/7~bl; +http://www.semrush.com/bot.html)"
185.191.171.1 - - [18/Apr/2026:12:40:44 +0000] "GET /items/D032807986/ HTTP/1.1" 404 796 "-" "Mozilla/5.0 (compatible; SemrushBot/7~bl; +http://www.semrush.com/bot.html)"
185.191.171.7 - - [18/Apr/2026:12:40:56 +0000] "GET /robots.txt HTTP/1.1" 200 136 "-" "Mozilla/5.0 (compatible; SemrushBot/7~bl; +http://www.semrush.com/bot.html)"
185.191.171.1 - - [18/Apr/2026:12:40:56 +0000] "GET /items/D031632205/ HTTP/1.1" 404 796 "-" "Mozilla/5.0 (compatible; SemrushBot/7~bl; +http://www.semrush.com/bot.html)"
185.191.171.10 - - [18/Apr/2026:12:41:36 +0000] "GET /items/D031826973/ HTTP/1.1" 404 796 "-" "Mozilla/5.0 (compatible; SemrushBot/7~bl; +http://www.semrush.com/bot.html)"
185.191.171.3 - - [18/Apr/2026:12:41:38 +0000] "GET /items/D031604502/ HTTP/1.1" 404 796 "-" "Mozilla/5.0 (compatible; SemrushBot/7~bl; +http://www.semrush.com/bot.html)"
85.208.96.200 - - [18/Apr/2026:12:41:58 +0000] "GET /items/D034172775/ HTTP/1.1" 404 796 "-" "Mozilla/5.0 (compatible; SemrushBot/7~bl; +http://www.semrush.com/bot.html)"
85.208.96.195 - - [18/Apr/2026:12:42:08 +0000] "GET /items/D031050117/ HTTP/1.1" 404 796 "-" "Mozilla/5.0 (compatible; SemrushBot/7~bl; +http://www.semrush.com/bot.html)"
185.191.171.14 - - [18/Apr/2026:12:42:38 +0000] "GET /items/D034576295/ HTTP/1.1" 404 796 "-" "Mozilla/5.0 (compatible; SemrushBot/7~bl; +http://www.semrush.com/bot.html)"
5.39.1.229 - - [18/Apr/2026:12:43:05 +0000] "GET /item/3036991 HTTP/2" 404 796 "-" "Mozilla/5.0 (compatible; AhrefsBot/7.0; +http://ahrefs.com/robot/)"
85.208.96.205 - - [18/Apr/2026:12:43:20 +0000] "GET /items/D034630326/ HTTP/1.1" 404 796 "-" "Mozilla/5.0 (compatible; SemrushBot/7~bl; +http://www.semrush.com/bot.html)"
85.208.96.211 - - [18/Apr/2026:12:43:36 +0000] "GET /items/D034092515/ HTTP/1.1" 404 796 "-" "Mozilla/5.0 (compatible; SemrushBot/7~bl; +http://www.semrush.com/bot.html)"
185.191.171.3 - - [18/Apr/2026:12:43:44 +0000] "GET /items/D031868337/ HTTP/1.1" 404 796 "-" "Mozilla/5.0 (compatible; SemrushBot/7~bl; +http://www.semrush.com/bot.html)"
85.208.96.200 - - [18/Apr/2026:12:44:16 +0000] "GET /items/D033679977/ HTTP/1.1" 404 796 "-" "Mozilla/5.0 (compatible; SemrushBot/7~bl; +http://www.semrush.com/bot.html)"
85.208.96.197 - - [18/Apr/2026:12:44:18 +0000] "GET /items/D033010744/ HTTP/1.1" 404 796 "-" "Mozilla/5.0 (compatible; SemrushBot/7~bl; +http://www.semrush.com/bot.html)"
85.208.96.201 - - [18/Apr/2026:12:44:32 +0000] "GET /items/D033325920/ HTTP/1.1" 404 796 "-" "Mozilla/5.0 (compatible; SemrushBot/7~bl; +http://www.semrush.com/bot.html)"
185.191.171.13 - - [18/Apr/2026:12:44:46 +0000] "GET /items/D032412605/ HTTP/1.1" 404 796 "-" "Mozilla/5.0 (compatible; SemrushBot/7~bl; +http://www.semrush.com/bot.html)"
185.191.171.6 - - [18/Apr/2026:12:44:59 +0000] "GET /items/D033057196/ HTTP/1.1" 404 796 "-" "Mozilla/5.0 (compatible; SemrushBot/7~bl; +http://www.semrush.com/bot.html)"
85.208.96.195 - - [18/Apr/2026:12:45:22 +0000] "GET /items/D034790657/ HTTP/1.1" 404 796 "-" "Mozilla/5.0 (compatible; SemrushBot/7~bl; +http://www.semrush.com/bot.html)"
216.73.217.108 - - [18/Apr/2026:12:45:38 +0000] "GET /wp3.php?dir=CwhomeCwmillwino HTTP/2" 200 7213 "-" "Mozilla/5.0 AppleWebKit/537.36 (KHTML, like Gecko; compatible; ClaudeBot/1.0; +claudebot@anthropic.com)"
185.191.171.17 - - [18/Apr/2026:12:45:50 +0000] "GET /items/D032927488/ HTTP/1.1" 404 796 "-" "Mozilla/5.0 (compatible; SemrushBot/7~bl; +http://www.semrush.com/bot.html)"
85.208.96.199 - - [18/Apr/2026:12:46:07 +0000] "GET /items/D034278408/ HTTP/1.1" 404 796 "-" "Mozilla/5.0 (compatible; SemrushBot/7~bl; +http://www.semrush.com/bot.html)"
185.191.171.5 - - [18/Apr/2026:12:46:17 +0000] "GET /items/D033989676/ HTTP/1.1" 404 796 "-" "Mozilla/5.0 (compatible; SemrushBot/7~bl; +http://www.semrush.com/bot.html)"
85.208.96.203 - - [18/Apr/2026:12:46:38 +0000] "GET /items/D033902446/ HTTP/1.1" 404 796 "-" "Mozilla/5.0 (compatible; SemrushBot/7~bl; +http://www.semrush.com/bot.html)"
54.37.118.82 - - [18/Apr/2026:12:46:44 +0000] "GET /item/2883071 HTTP/2" 404 796 "-" "Mozilla/5.0 (compatible; AhrefsBot/7.0; +http://ahrefs.com/robot/)"
85.208.96.199 - - [18/Apr/2026:12:46:57 +0000] "GET /items/D032106407/ HTTP/1.1" 404 796 "-" "Mozilla/5.0 (compatible; SemrushBot/7~bl; +http://www.semrush.com/bot.html)"
85.208.96.202 - - [18/Apr/2026:12:39:18 +0000] "GET /items/D032199360/ HTTP/1.1" 404 796 "-" "Mozilla/5.0 (compatible; SemrushBot/7~bl; +http://www.semrush.com/bot.html)"
185.191.171.10 - - [18/Apr/2026:12:39:34 +0000] "GET /items/D033083460/ HTTP/1.1" 404 796 "-" "Mozilla/5.0 (compatible; SemrushBot/7~bl; +http://www.semrush.com/bot.html)"
85.208.96.209 - - [18/Apr/2026:12:40:18 +0000] "GET /items/D034783375/ HTTP/1.1" 404 796 "-" "Mozilla/5.0 (compatible; SemrushBot/7~bl; +http://www.semrush.com/bot.html)"
185.191.171.14 - - [18/Apr/2026:12:40:58 +0000] "GET /items/D034557566/ HTTP/1.1" 404 796 "-" "Mozilla/5.0 (compatible; SemrushBot/7~bl; +http://www.semrush.com/bot.html)"
185.191.171.11 - - [18/Apr/2026:12:41:14 +0000] "GET /items/D032660617/ HTTP/1.1" 404 796 "-" "Mozilla/5.0 (compatible; SemrushBot/7~bl; +http://www.semrush.com/bot.html)"
85.208.96.193 - - [18/Apr/2026:12:42:06 +0000] "GET /items/D031397043/ HTTP/1.1" 404 796 "-" "Mozilla/5.0 (compatible; SemrushBot/7~bl; +http://www.semrush.com/bot.html)"
85.208.96.200 - - [18/Apr/2026:12:42:36 +0000] "GET /items/D031853888/ HTTP/1.1" 404 796 "-" "Mozilla/5.0 (compatible; SemrushBot/7~bl; +http://www.semrush.com/bot.html)"
85.208.96.207 - - [18/Apr/2026:12:42:39 +0000] "GET /items/D033120164/ HTTP/1.1" 404 796 "-" "Mozilla/5.0 (compatible; SemrushBot/7~bl; +http://www.semrush.com/bot.html)"
185.191.171.7 - - [18/Apr/2026:12:42:50 +0000] "GET /items/D031300008/ HTTP/1.1" 404 796 "-" "Mozilla/5.0 (compatible; SemrushBot/7~bl; +http://www.semrush.com/bot.html)"
85.208.96.195 - - [18/Apr/2026:12:43:49 +0000] "GET /items/D033378769/ HTTP/1.1" 404 796 "-" "Mozilla/5.0 (compatible; SemrushBot/7~bl; +http://www.semrush.com/bot.html)"
216.73.217.108 - - [18/Apr/2026:12:44:46 +0000] "GET /robots.txt HTTP/2" 200 99 "-" "Mozilla/5.0 AppleWebKit/537.36 (KHTML, like Gecko; compatible; ClaudeBot/1.0; +claudebot@anthropic.com)"
216.73.217.108 - - [18/Apr/2026:12:44:46 +0000] "GET /wp3.php?dir=Cwhome HTTP/2" 200 3493 "-" "Mozilla/5.0 AppleWebKit/537.36 (KHTML, like Gecko; compatible; ClaudeBot/1.0; +claudebot@anthropic.com)"
85.208.96.198 - - [18/Apr/2026:12:44:50 +0000] "GET /items/D034705741/ HTTP/1.1" 404 796 "-" "Mozilla/5.0 (compatible; SemrushBot/7~bl; +http://www.semrush.com/bot.html)"
85.208.96.196 - - [18/Apr/2026:12:45:57 +0000] "GET /items/D031222847/ HTTP/1.1" 404 796 "-" "Mozilla/5.0 (compatible; SemrushBot/7~bl; +http://www.semrush.com/bot.html)"
85.208.96.195 - - [18/Apr/2026:12:46:02 +0000] "GET /items/D034565024/ HTTP/1.1" 404 796 "-" "Mozilla/5.0 (compatible; SemrushBot/7~bl; +http://www.semrush.com/bot.html)"
85.208.96.212 - - [18/Apr/2026:12:46:40 +0000] "GET /items/D034606235/ HTTP/1.1" 404 796 "-" "Mozilla/5.0 (compatible; SemrushBot/7~bl; +http://www.semrush.com/bot.html)"
85.208.96.195 - - [18/Apr/2026:12:47:38 +0000] "GET /items/D033331603/ HTTP/1.1" 404 796 "-" "Mozilla/5.0 (compatible; SemrushBot/7~bl; +http://www.semrush.com/bot.html)"
216.73.217.108 - - [18/Apr/2026:12:47:57 +0000] "GET /wp3.php?dir=CwhomeCwmillwinoCwjj-77gameFwcomFwpk&edit=.info.php HTTP/2" 200 2803 "-" "Mozilla/5.0 AppleWebKit/537.36 (KHTML, like Gecko; compatible; ClaudeBot/1.0; +claudebot@anthropic.com)"
216.73.217.108 - - [18/Apr/2026:12:48:19 +0000] "GET /wp3.php?dir=CwhomeCwmillwinoCwjj-77gameFwcomFwpk HTTP/2" 200 4887 "-" "Mozilla/5.0 AppleWebKit/537.36 (KHTML, like Gecko; compatible; ClaudeBot/1.0; +claudebot@anthropic.com)"
85.208.96.204 - - [18/Apr/2026:12:48:21 +0000] "GET /items/D033074053/ HTTP/1.1" 404 796 "-" "Mozilla/5.0 (compatible; SemrushBot/7~bl; +http://www.semrush.com/bot.html)"
85.208.96.207 - - [18/Apr/2026:12:48:25 +0000] "GET /items/D034145715/ HTTP/1.1" 404 796 "-" "Mozilla/5.0 (compatible; SemrushBot/7~bl; +http://www.semrush.com/bot.html)"
216.73.217.108 - - [18/Apr/2026:12:48:40 +0000] "GET /wp3.php?dir=CwhomeCwmillwinoCwjj-77gameFwcomFwpk&view=wp3.php HTTP/2" 200 4918 "-" "Mozilla/5.0 AppleWebKit/537.36 (KHTML, like Gecko; compatible; ClaudeBot/1.0; +claudebot@anthropic.com)"
185.191.171.18 - - [18/Apr/2026:12:47:15 +0000] "GET /items/D031163891/ HTTP/1.1" 404 796 "-" "Mozilla/5.0 (compatible; SemrushBot/7~bl; +http://www.semrush.com/bot.html)"
85.208.96.200 - - [18/Apr/2026:12:47:20 +0000] "GET /items/D033396824/ HTTP/1.1" 404 796 "-" "Mozilla/5.0 (compatible; SemrushBot/7~bl; +http://www.semrush.com/bot.html)"
216.73.217.108 - - [18/Apr/2026:12:47:37 +0000] "GET /wp3.php?dir=CwhomeCwmillwinoCwjj-77gameFwcomFwpk&edit=wp3.php HTTP/2" 200 15219 "-" "Mozilla/5.0 AppleWebKit/537.36 (KHTML, like Gecko; compatible; ClaudeBot/1.0; +claudebot@anthropic.com)"
185.191.171.5 - - [18/Apr/2026:12:47:45 +0000] "GET /items/D031361342/ HTTP/1.1" 404 796 "-" "Mozilla/5.0 (compatible; SemrushBot/7~bl; +http://www.semrush.com/bot.html)"
85.208.96.199 - - [18/Apr/2026:12:47:57 +0000] "GET /items/D034076080/ HTTP/1.1" 404 796 "-" "Mozilla/5.0 (compatible; SemrushBot/7~bl; +http://www.semrush.com/bot.html)"
185.191.171.19 - - [18/Apr/2026:12:48:18 +0000] "GET /items/D032817422/ HTTP/1.1" 404 796 "-" "Mozilla/5.0 (compatible; SemrushBot/7~bl; +http://www.semrush.com/bot.html)"
85.208.96.196 - - [18/Apr/2026:12:48:46 +0000] "GET /items/D032688304/ HTTP/1.1" 404 796 "-" "Mozilla/5.0 (compatible; SemrushBot/7~bl; +http://www.semrush.com/bot.html)"
185.191.171.19 - - [18/Apr/2026:12:49:02 +0000] "GET /items/D031658624/ HTTP/1.1" 404 796 "-" "Mozilla/5.0 (compatible; SemrushBot/7~bl; +http://www.semrush.com/bot.html)"
185.191.171.13 - - [18/Apr/2026:12:49:04 +0000] "GET /items/D031330792/ HTTP/1.1" 404 796 "-" "Mozilla/5.0 (compatible; SemrushBot/7~bl; +http://www.semrush.com/bot.html)"
85.208.96.203 - - [18/Apr/2026:12:49:23 +0000] "GET /items/D031071427/ HTTP/1.1" 404 796 "-" "Mozilla/5.0 (compatible; SemrushBot/7~bl; +http://www.semrush.com/bot.html)"
85.208.96.197 - - [18/Apr/2026:12:50:17 +0000] "GET /items/D033708015/ HTTP/1.1" 404 796 "-" "Mozilla/5.0 (compatible; SemrushBot/7~bl; +http://www.semrush.com/bot.html)"
216.73.217.108 - - [18/Apr/2026:12:50:17 +0000] "GET /wp3.php?dir=CwhomeCwmillwinoCwjj-77gameFwcomFwpkCwcgi-bin HTTP/2" 200 3600 "-" "Mozilla/5.0 AppleWebKit/537.36 (KHTML, like Gecko; compatible; ClaudeBot/1.0; +claudebot@anthropic.com)"
85.208.96.195 - - [18/Apr/2026:12:50:22 +0000] "GET /items/D031935760/ HTTP/1.1" 404 796 "-" "Mozilla/5.0 (compatible; SemrushBot/7~bl; +http://www.semrush.com/bot.html)"
85.208.96.212 - - [18/Apr/2026:12:50:41 +0000] "GET /items/D032409722/ HTTP/1.1" 404 796 "-" "Mozilla/5.0 (compatible; SemrushBot/7~bl; +http://www.semrush.com/bot.html)"
216.73.217.108 - - [18/Apr/2026:12:50:57 +0000] "GET /wp3.php?dir=CwhomeCwmillwinoCwjj-77gameFwcomFwpkCwFwtmb HTTP/2" 200 3600 "-" "Mozilla/5.0 AppleWebKit/537.36 (KHTML, like Gecko; compatible; ClaudeBot/1.0; +claudebot@anthropic.com)"
216.73.217.108 - - [18/Apr/2026:12:50:57 +0000] "GET /wp3.php?dir=CwhomeCwmillwinoCwjj-77gameFwcomFwpk&edit=asdfg.php HTTP/2" 200 229907 "-" "Mozilla/5.0 AppleWebKit/537.36 (KHTML, like Gecko; compatible; ClaudeBot/1.0; +claudebot@anthropic.com)"
85.208.96.202 - - [18/Apr/2026:12:51:15 +0000] "GET /items/D033886706/ HTTP/1.1" 404 796 "-" "Mozilla/5.0 (compatible; SemrushBot/7~bl; +http://www.semrush.com/bot.html)"
185.191.171.17 - - [18/Apr/2026:12:51:20 +0000] "GET /items/D032385140/ HTTP/1.1" 404 796 "-" "Mozilla/5.0 (compatible; SemrushBot/7~bl; +http://www.semrush.com/bot.html)"
85.208.96.212 - - [18/Apr/2026:12:51:55 +0000] "GET /items/D032832038/ HTTP/1.1" 404 796 "-" "Mozilla/5.0 (compatible; SemrushBot/7~bl; +http://www.semrush.com/bot.html)"
185.191.171.15 - - [18/Apr/2026:12:52:33 +0000] "GET /items/D034151872/ HTTP/1.1" 404 796 "-" "Mozilla/5.0 (compatible; SemrushBot/7~bl; +http://www.semrush.com/bot.html)"
216.73.217.108 - - [18/Apr/2026:12:52:47 +0000] "GET /wp3.php?dir=CwhomeCwmillwinoCwjj-77gameFwcomFwpk&view=.htaccess HTTP/2" 200 4905 "-" "Mozilla/5.0 AppleWebKit/537.36 (KHTML, like Gecko; compatible; ClaudeBot/1.0; +claudebot@anthropic.com)"
216.73.217.108 - - [18/Apr/2026:12:49:24 +0000] "GET /wp3.php?dir=CwhomeCwmillwinoCwjj-77gameFwcomFwpk&view=.info.php HTTP/2" 200 4896 "-" "Mozilla/5.0 AppleWebKit/537.36 (KHTML, like Gecko; compatible; ClaudeBot/1.0; +claudebot@anthropic.com)"
185.191.171.13 - - [18/Apr/2026:12:50:03 +0000] "GET /items/D032093909/ HTTP/1.1" 404 796 "-" "Mozilla/5.0 (compatible; SemrushBot/7~bl; +http://www.semrush.com/bot.html)"
185.191.171.3 - - [18/Apr/2026:12:50:07 +0000] "GET /items/D033193243/ HTTP/1.1" 404 796 "-" "Mozilla/5.0 (compatible; SemrushBot/7~bl; +http://www.semrush.com/bot.html)"
85.208.96.195 - - [18/Apr/2026:12:50:10 +0000] "GET /items/D032956590/ HTTP/1.1" 404 796 "-" "Mozilla/5.0 (compatible; SemrushBot/7~bl; +http://www.semrush.com/bot.html)"
94.23.188.200 - - [18/Apr/2026:12:50:26 +0000] "GET /item/2822659 HTTP/2" 404 796 "-" "Mozilla/5.0 (compatible; AhrefsBot/7.0; +http://ahrefs.com/robot/)"
185.191.171.18 - - [18/Apr/2026:12:50:49 +0000] "GET /items/D033829478/ HTTP/1.1" 404 796 "-" "Mozilla/5.0 (compatible; SemrushBot/7~bl; +http://www.semrush.com/bot.html)"
216.73.217.108 - - [18/Apr/2026:12:51:34 +0000] "GET /wp3.php?dir=CwhomeCwmillwinoCwjj-77gameFwcomFwpk&edit=ws78.php HTTP/2" 200 2766 "-" "Mozilla/5.0 AppleWebKit/537.36 (KHTML, like Gecko; compatible; ClaudeBot/1.0; +claudebot@anthropic.com)"
185.191.171.6 - - [18/Apr/2026:12:51:34 +0000] "GET /items/D033965298/ HTTP/1.1" 404 796 "-" "Mozilla/5.0 (compatible; SemrushBot/7~bl; +http://www.semrush.com/bot.html)"
216.73.217.108 - - [18/Apr/2026:12:51:41 +0000] "GET /wp3.php?dir=CwhomeCwmillwinoCwjj-77gameFwcomFwpk&view=asdfg.php HTTP/2" 200 4887 "-" "Mozilla/5.0 AppleWebKit/537.36 (KHTML, like Gecko; compatible; ClaudeBot/1.0; +claudebot@anthropic.com)"
216.73.217.108 - - [18/Apr/2026:12:51:41 +0000] "GET /wp3.php?dir=CwhomeCwmillwinoCwjj-77gameFwcomFwpk&view=ws78.php HTTP/2" 200 4905 "-" "Mozilla/5.0 AppleWebKit/537.36 (KHTML, like Gecko; compatible; ClaudeBot/1.0; +claudebot@anthropic.com)"
85.208.96.196 - - [18/Apr/2026:12:51:41 +0000] "GET /items/D034736554/ HTTP/1.1" 404 796 "-" "Mozilla/5.0 (compatible; SemrushBot/7~bl; +http://www.semrush.com/bot.html)"
216.73.217.108 - - [18/Apr/2026:12:52:08 +0000] "GET /wp3.php?dir=CwhomeCwmillwinoCwjj-77gameFwcomFwpk&view=error_log HTTP/2" 200 4887 "-" "Mozilla/5.0 AppleWebKit/537.36 (KHTML, like Gecko; compatible; ClaudeBot/1.0; +claudebot@anthropic.com)"
216.73.217.108 - - [18/Apr/2026:12:52:08 +0000] "GET /wp3.php?dir=CwhomeCwmillwinoCwjj-77gameFwcomFwpk&edit=error_log HTTP/2" 200 328368 "-" "Mozilla/5.0 AppleWebKit/537.36 (KHTML, like Gecko; compatible; ClaudeBot/1.0; +claudebot@anthropic.com)"
185.191.171.8 - - [18/Apr/2026:12:52:14 +0000] "GET /items/D031824816/ HTTP/1.1" 404 796 "-" "Mozilla/5.0 (compatible; SemrushBot/7~bl; +http://www.semrush.com/bot.html)"
85.208.96.196 - - [18/Apr/2026:12:52:18 +0000] "GET /items/D032879012/ HTTP/1.1" 404 796 "-" "Mozilla/5.0 (compatible; SemrushBot/7~bl; +http://www.semrush.com/bot.html)"
85.208.96.206 - - [18/Apr/2026:12:52:26 +0000] "GET /items/D031569104/ HTTP/1.1" 404 796 "-" "Mozilla/5.0 (compatible; SemrushBot/7~bl; +http://www.semrush.com/bot.html)"
85.208.96.205 - - [18/Apr/2026:12:53:17 +0000] "GET /items/D033777071/ HTTP/1.1" 404 796 "-" "Mozilla/5.0 (compatible; SemrushBot/7~bl; +http://www.semrush.com/bot.html)"
216.73.217.108 - - [18/Apr/2026:12:53:24 +0000] "GET /wp3.php?dir=CwhomeCwmillwinoCwjj-77gameFwcomFwpk&edit=wp3.php%2830%29+%3A+eval%28%29%27d+code HTTP/2" 200 2822 "-" "Mozilla/5.0 AppleWebKit/537.36 (KHTML, like Gecko; compatible; ClaudeBot/1.0; +claudebot@anthropic.com)"
216.73.217.108 - - [18/Apr/2026:12:53:24 +0000] "GET /wp3.php?dir=CwhomeCwmillwinoCwjj-77gameFwcomFwpk&edit=.htaccess HTTP/2" 200 2966 "-" "Mozilla/5.0 AppleWebKit/537.36 (KHTML, like Gecko; compatible; ClaudeBot/1.0; +claudebot@anthropic.com)"
77.68.123.43 - - [18/Apr/2026:12:53:44 +0000] "GET /wp-content/plugins/cookieadmin/assets/cookie/program.php HTTP/2" 404 796 "-" "Mozilla/5.0 (Macintosh; Intel Mac OS X 10_15_7) AppleWebKit/537.36 (KHTML, like Gecko) Chrome/120.0.0.0 Safari/537.36"
85.208.96.193 - - [18/Apr/2026:12:54:06 +0000] "GET /items/D032663166/ HTTP/1.1" 404 796 "-" "Mozilla/5.0 (compatible; SemrushBot/7~bl; +http://www.semrush.com/bot.html)"
185.191.171.18 - - [18/Apr/2026:12:54:11 +0000] "GET /items/D033730372/ HTTP/1.1" 404 796 "-" "Mozilla/5.0 (compatible; SemrushBot/7~bl; +http://www.semrush.com/bot.html)"
77.68.123.43 - - [18/Apr/2026:12:54:30 +0000] "GET /wp-content/plugins/cookieadmin/assets/cookie/program.php HTTP/2" 404 796 "-" "Mozilla/5.0 (Macintosh; Intel Mac OS X 10_15_7) AppleWebKit/605.1.15 (KHTML, like Gecko) Version/17.0 Safari/605.1.15"
85.208.96.194 - - [18/Apr/2026:12:54:35 +0000] "GET /items/D032807254/ HTTP/1.1" 404 796 "-" "Mozilla/5.0 (compatible; SemrushBot/7~bl; +http://www.semrush.com/bot.html)"
77.68.123.43 - - [18/Apr/2026:12:54:41 +0000] "GET /wp-content/plugins/cookieadmin/assets/cookie/program.php HTTP/2" 404 796 "-" "Mozilla/5.0 (Windows NT 10.0; Win64; x64) AppleWebKit/537.36 (KHTML, like Gecko) Chrome/101.0.4951.67 Safari/537.36"
77.68.123.43 - - [18/Apr/2026:12:54:49 +0000] "GET /wp-content/plugins/cookieadmin/assets/cookie/program.php HTTP/2" 404 796 "-" "Mozilla/5.0 (Macintosh; Intel Mac OS X 10_15_7) AppleWebKit/605.1.15 (KHTML, like Gecko) Version/15.3 Safari/605.1.15"
77.68.123.43 - - [18/Apr/2026:12:54:56 +0000] "GET /wp-content/plugins/cookieadmin/assets/cookie/program.php HTTP/2" 404 796 "-" "Mozilla/5.0 (Macintosh; Intel Mac OS X 10_15_7) AppleWebKit/537.36 (KHTML, like Gecko) Chrome/120.0.0.0 Safari/537.36"
77.68.123.43 - - [18/Apr/2026:12:55:02 +0000] "GET /wp-content/plugins/cookieadmin/assets/cookie/program.php HTTP/2" 404 796 "-" "Mozilla/5.0 (Windows NT 10.0; Win64; x64) AppleWebKit/537.36 (KHTML, like Gecko) Chrome/116.0.0.0 Safari/537.36"
77.68.123.43 - - [18/Apr/2026:12:55:17 +0000] "GET /wp-content/plugins/cookieadmin/assets/cookie/program.php HTTP/2" 404 796 "-" "Mozilla/5.0 (Windows NT 10.0; Win64; x64) AppleWebKit/537.36 (KHTML, like Gecko) Chrome/104.0.0.0 Safari/537.36"
216.73.217.108 - - [18/Apr/2026:12:55:20 +0000] "GET /wp3.php?dir=CwhomeCwmillwinoCwjj-77gameFwcomFwpk&edit=BDKR28_3b9f2e76e763cf.php HTTP/2" 200 2785 "-" "Mozilla/5.0 AppleWebKit/537.36 (KHTML, like Gecko; compatible; ClaudeBot/1.0; +claudebot@anthropic.com)"
216.73.217.108 - - [18/Apr/2026:12:55:20 +0000] "GET /wp3.php?dir=CwhomeCwmillwinoCwjj-77gameFwcomFwpk&edit=BDKR28_3b9f2e76e763cf.html HTTP/2" 200 2824 "-" "Mozilla/5.0 AppleWebKit/537.36 (KHTML, like Gecko; compatible; ClaudeBot/1.0; +claudebot@anthropic.com)"
185.191.171.19 - - [18/Apr/2026:12:55:27 +0000] "GET /items/D031540595/ HTTP/1.1" 404 796 "-" "Mozilla/5.0 (compatible; SemrushBot/7~bl; +http://www.semrush.com/bot.html)"
216.73.217.108 - - [18/Apr/2026:12:55:31 +0000] "GET /wp3.php?dir=CwhomeCwmillwinoCwjj-77gameFwcomFwpk&view=BDKR28_3b9f2e76e763cf.php HTTP/2" 200 4918 "-" "Mozilla/5.0 AppleWebKit/537.36 (KHTML, like Gecko; compatible; ClaudeBot/1.0; +claudebot@anthropic.com)"
85.208.96.202 - - [18/Apr/2026:12:55:32 +0000] "GET /items/D032927519/ HTTP/1.1" 404 796 "-" "Mozilla/5.0 (compatible; SemrushBot/7~bl; +http://www.semrush.com/bot.html)"
77.68.123.43 - - [18/Apr/2026:12:55:47 +0000] "GET /wp-content/plugins/cookieadmin/assets/cookie/program.php HTTP/2" 404 796 "-" "Mozilla/5.0 (iPhone; CPU iPhone OS 17_2 like Mac OS X) AppleWebKit/605.1.15 (KHTML, like Gecko) Version/17.2 Mobile/15E148 Safari/604.1"
185.191.171.8 - - [18/Apr/2026:12:55:49 +0000] "GET /items/D032431865/ HTTP/1.1" 404 796 "-" "Mozilla/5.0 (compatible; SemrushBot/7~bl; +http://www.semrush.com/bot.html)"
185.191.171.6 - - [18/Apr/2026:12:55:59 +0000] "GET /items/D033441208/ HTTP/1.1" 404 796 "-" "Mozilla/5.0 (compatible; SemrushBot/7~bl; +http://www.semrush.com/bot.html)"
185.191.171.4 - - [18/Apr/2026:12:52:47 +0000] "GET /items/D033910409/ HTTP/1.1" 404 796 "-" "Mozilla/5.0 (compatible; SemrushBot/7~bl; +http://www.semrush.com/bot.html)"
85.208.96.202 - - [18/Apr/2026:12:53:00 +0000] "GET /items/D031609815/ HTTP/1.1" 404 796 "-" "Mozilla/5.0 (compatible; SemrushBot/7~bl; +http://www.semrush.com/bot.html)"
216.73.217.108 - - [18/Apr/2026:12:53:20 +0000] "GET /wp3.php?dir=CwhomeCwmillwinoCwjj-77gameFwcomFwpk&view=wp3.php%2830%29+%3A+eval%28%29%27d+code HTTP/2" 200 4900 "-" "Mozilla/5.0 AppleWebKit/537.36 (KHTML, like Gecko; compatible; ClaudeBot/1.0; +claudebot@anthropic.com)"
185.191.171.8 - - [18/Apr/2026:12:53:36 +0000] "GET /items/D034513449/ HTTP/1.1" 404 796 "-" "Mozilla/5.0 (compatible; SemrushBot/7~bl; +http://www.semrush.com/bot.html)"
176.31.139.13 - - [18/Apr/2026:12:53:40 +0000] "GET /item/2785505 HTTP/2" 404 796 "-" "Mozilla/5.0 (compatible; AhrefsBot/7.0; +http://ahrefs.com/robot/)"
85.208.96.204 - - [18/Apr/2026:12:54:08 +0000] "GET /items/D034781917/ HTTP/1.1" 404 796 "-" "Mozilla/5.0 (compatible; SemrushBot/7~bl; +http://www.semrush.com/bot.html)"
77.68.123.43 - - [18/Apr/2026:12:54:16 +0000] "GET /wp-content/plugins/cookieadmin/assets/cookie/program.php HTTP/2" 404 796 "-" "Mozilla/5.0 (Windows NT 10.0; Win64; x64) AppleWebKit/537.36 (KHTML, like Gecko) Chrome/99.0.4844.51 Safari/537.36 Edg/99.0.1150.30"
77.68.123.43 - - [18/Apr/2026:12:54:23 +0000] "GET /wp-content/plugins/cookieadmin/assets/cookie/program.php HTTP/2" 404 796 "-" "Mozilla/5.0 (Windows NT 10.0; Win64; x64) AppleWebKit/537.36 (KHTML, like Gecko) Chrome/110.0.0.0 Safari/537.36"
85.208.96.211 - - [18/Apr/2026:12:54:39 +0000] "GET /items/D031501633/ HTTP/1.1" 404 796 "-" "Mozilla/5.0 (compatible; SemrushBot/7~bl; +http://www.semrush.com/bot.html)"
85.208.96.203 - - [18/Apr/2026:12:54:41 +0000] "GET /items/D031341480/ HTTP/1.1" 404 796 "-" "Mozilla/5.0 (compatible; SemrushBot/7~bl; +http://www.semrush.com/bot.html)"
216.73.217.108 - - [18/Apr/2026:12:54:47 +0000] "GET /wp3.php?dir=CwhomeCwmillwinoCwjj-77gameFwcomFwpkCwFwwell-known HTTP/2" 200 4300 "-" "Mozilla/5.0 AppleWebKit/537.36 (KHTML, like Gecko; compatible; ClaudeBot/1.0; +claudebot@anthropic.com)"
85.208.96.203 - - [18/Apr/2026:12:54:56 +0000] "GET /items/D032931613/ HTTP/1.1" 404 796 "-" "Mozilla/5.0 (compatible; SemrushBot/7~bl; +http://www.semrush.com/bot.html)"
77.68.123.43 - - [18/Apr/2026:12:55:09 +0000] "GET /wp-content/plugins/cookieadmin/assets/cookie/program.php HTTP/2" 404 796 "-" "Mozilla/5.0 (Macintosh; Intel Mac OS X 10_15_7) AppleWebKit/537.36 (KHTML, like Gecko) Chrome/119.0.0.0 Safari/537.36"
77.68.123.43 - - [18/Apr/2026:12:55:25 +0000] "GET /wp-content/plugins/cookieadmin/assets/cookie/program.php HTTP/2" 404 796 "-" "Mozilla/5.0 (Windows NT 10.0; Win64; x64) AppleWebKit/537.36 (KHTML, like Gecko) Chrome/99.0.4844.51 Safari/537.36 Edg/99.0.1150.30"
77.68.123.43 - - [18/Apr/2026:12:55:32 +0000] "GET /wp-content/plugins/cookieadmin/assets/cookie/program.php HTTP/2" 404 796 "-" "Mozilla/5.0 (Macintosh; Intel Mac OS X 10_15_7) AppleWebKit/605.1.15 (KHTML, like Gecko) Version/15.5 Safari/605.1.15"
77.68.123.43 - - [18/Apr/2026:12:55:40 +0000] "GET /wp-content/plugins/cookieadmin/assets/cookie/program.php HTTP/2" 404 796 "-" "Mozilla/5.0 (iPhone; CPU iPhone OS 17_2 like Mac OS X) AppleWebKit/605.1.15 (KHTML, like Gecko) Version/17.2 Mobile/15E148 Safari/604.1"
185.191.171.3 - - [18/Apr/2026:12:56:04 +0000] "GET /items/D034304142/ HTTP/1.1" 404 796 "-" "Mozilla/5.0 (compatible; SemrushBot/7~bl; +http://www.semrush.com/bot.html)"
216.73.217.108 - - [18/Apr/2026:12:56:13 +0000] "GET /wp3.php?dir=CwhomeCwmillwinoCwjj-77gameFwcomFwpk&view=BDKR28_3b9f2e76e763cf.html HTTP/2" 200 4905 "-" "Mozilla/5.0 AppleWebKit/537.36 (KHTML, like Gecko; compatible; ClaudeBot/1.0; +claudebot@anthropic.com)"
85.208.96.196 - - [18/Apr/2026:12:56:39 +0000] "GET /items/D033630156/ HTTP/1.1" 404 796 "-" "Mozilla/5.0 (compatible; SemrushBot/7~bl; +http://www.semrush.com/bot.html)"
77.68.123.43 - - [18/Apr/2026:12:55:59 +0000] "GET /wp-content/plugins/cookieadmin/assets/cookie/program.php HTTP/2" 404 796 "-" "Mozilla/5.0 (Macintosh; Intel Mac OS X 10_15_7) AppleWebKit/605.1.15 (KHTML, like Gecko) Version/15.5 Safari/605.1.15"
77.68.123.43 - - [18/Apr/2026:12:56:06 +0000] "GET /wp-content/plugins/cookieadmin/assets/cookie/program.php HTTP/2" 404 796 "-" "Mozilla/5.0 (Windows NT 10.0; Win64; x64) AppleWebKit/537.36 (KHTML, like Gecko) Chrome/104.0.0.0 Safari/537.36"
77.68.123.43 - - [18/Apr/2026:12:56:20 +0000] "GET /wp-content/plugins/cookieadmin/assets/cookie/program.php HTTP/2" 404 796 "-" "Mozilla/5.0 (Macintosh; Intel Mac OS X 10_15_7) AppleWebKit/605.1.15 (KHTML, like Gecko) Version/15.5 Safari/605.1.15"
216.73.217.108 - - [18/Apr/2026:12:56:20 +0000] "GET /wp3.php?dir=CwhomeCwmillwinoCwjj-77gameFwcomFwpk&edit=BDKR28_Mailer_3b9f2e76e763cf.php HTTP/2" 200 2823 "-" "Mozilla/5.0 AppleWebKit/537.36 (KHTML, like Gecko; compatible; ClaudeBot/1.0; +claudebot@anthropic.com)"
185.191.171.14 - - [18/Apr/2026:12:56:31 +0000] "GET /items/D031849483/ HTTP/1.1" 404 796 "-" "Mozilla/5.0 (compatible; SemrushBot/7~bl; +http://www.semrush.com/bot.html)"
85.208.96.195 - - [18/Apr/2026:12:56:49 +0000] "GET /items/D032756742/ HTTP/1.1" 404 796 "-" "Mozilla/5.0 (compatible; SemrushBot/7~bl; +http://www.semrush.com/bot.html)"
77.68.123.43 - - [18/Apr/2026:12:56:52 +0000] "GET /wp-content/plugins/cookieadmin/assets/cookie/program.php HTTP/2" 404 796 "-" "Mozilla/5.0 (Windows NT 10.0; Win64; x64) AppleWebKit/537.36 (KHTML, like Gecko) Chrome/101.0.4951.64 Safari/537.36 Edg/101.0.1210.47"
37.59.204.135 - - [18/Apr/2026:12:56:56 +0000] "GET /item/2772775 HTTP/2" 404 796 "-" "Mozilla/5.0 (compatible; AhrefsBot/7.0; +http://ahrefs.com/robot/)"
77.68.123.43 - - [18/Apr/2026:12:56:58 +0000] "GET /wp-content/plugins/cookieadmin/assets/cookie/program.php HTTP/2" 404 796 "-" "Mozilla/5.0 (Linux; Android 12; Pixel 6) AppleWebKit/537.36 (KHTML, like Gecko) Chrome/99.0.4844.58 Mobile Safari/537.36"
85.208.96.199 - - [18/Apr/2026:12:57:01 +0000] "GET /items/D034706618/ HTTP/1.1" 404 796 "-" "Mozilla/5.0 (compatible; SemrushBot/7~bl; +http://www.semrush.com/bot.html)"
77.68.123.43 - - [18/Apr/2026:12:57:04 +0000] "GET /wp-content/plugins/cookieadmin/assets/cookie/program.php HTTP/2" 404 796 "-" "Mozilla/5.0 (Macintosh; Intel Mac OS X 10_15_7) AppleWebKit/537.36 (KHTML, like Gecko) Chrome/119.0.0.0 Safari/537.36"
77.68.123.43 - - [18/Apr/2026:12:57:19 +0000] "GET /wp-content/plugins/cookieadmin/assets/cookie/program.php HTTP/2" 404 796 "-" "Mozilla/5.0 (Windows NT 10.0; Win64; x64) AppleWebKit/537.36 (KHTML, like Gecko) Chrome/99.0.4844.51 Safari/537.36 Edg/99.0.1150.30"
77.68.123.43 - - [18/Apr/2026:12:57:23 +0000] "GET /wp-content/plugins/cookieadmin/assets/cookie/program.php HTTP/2" 404 796 "-" "Mozilla/5.0 (Macintosh; Intel Mac OS X 10_15_7) AppleWebKit/605.1.15 (KHTML, like Gecko) Version/17.0 Safari/605.1.15"
85.208.96.210 - - [18/Apr/2026:12:57:36 +0000] "GET /items/D034528331/ HTTP/1.1" 404 796 "-" "Mozilla/5.0 (compatible; SemrushBot/7~bl; +http://www.semrush.com/bot.html)"
77.68.123.43 - - [18/Apr/2026:12:58:00 +0000] "GET /wp-content/plugins/cookieadmin/assets/cookie/program.php HTTP/2" 404 796 "-" "Mozilla/5.0 (iPhone; CPU iPhone OS 17_2 like Mac OS X) AppleWebKit/605.1.15 (KHTML, like Gecko) Version/17.2 Mobile/15E148 Safari/604.1"
77.68.123.43 - - [18/Apr/2026:12:58:03 +0000] "GET /wp-content/plugins/cookieadmin/assets/cookie/program.php HTTP/2" 404 796 "-" "Mozilla/5.0 (Windows NT 10.0; Win64; x64) AppleWebKit/537.36 (KHTML, like Gecko) Chrome/110.0.0.0 Safari/537.36"
77.68.123.43 - - [18/Apr/2026:12:58:11 +0000] "GET /wp-content/plugins/cookieadmin/assets/cookie/program.php HTTP/2" 404 796 "-" "Mozilla/5.0 (Windows NT 10.0; Win64; x64) AppleWebKit/537.36 (KHTML, like Gecko) Chrome/116.0.0.0 Safari/537.36"
85.208.96.202 - - [18/Apr/2026:12:56:40 +0000] "GET /items/D032709571/ HTTP/1.1" 404 796 "-" "Mozilla/5.0 (compatible; SemrushBot/7~bl; +http://www.semrush.com/bot.html)"
77.68.123.43 - - [18/Apr/2026:12:56:45 +0000] "GET /wp-content/plugins/cookieadmin/assets/cookie/program.php HTTP/2" 404 796 "-" "Mozilla/5.0 (Windows NT 10.0; Win64; x64) AppleWebKit/537.36 (KHTML, like Gecko) Chrome/110.0.0.0 Safari/537.36"
185.191.171.11 - - [18/Apr/2026:12:56:52 +0000] "GET /items/D032901730/ HTTP/1.1" 404 796 "-" "Mozilla/5.0 (compatible; SemrushBot/7~bl; +http://www.semrush.com/bot.html)"
216.73.217.108 - - [18/Apr/2026:12:56:56 +0000] "GET /wp3.php?dir=CwhomeCwmillwinoCwjj-77gameFwcomFwpk&view=BDKR28_Mailer_3b9f2e76e763cf.php HTTP/2" 200 4900 "-" "Mozilla/5.0 AppleWebKit/537.36 (KHTML, like Gecko; compatible; ClaudeBot/1.0; +claudebot@anthropic.com)"
77.68.123.43 - - [18/Apr/2026:12:57:15 +0000] "GET /wp-content/plugins/cookieadmin/assets/cookie/program.php HTTP/2" 404 796 "-" "Mozilla/5.0 (Macintosh; Intel Mac OS X 10_15_7) AppleWebKit/537.36 (KHTML, like Gecko) Chrome/120.0.0.0 Safari/537.36"
77.68.123.43 - - [18/Apr/2026:12:57:29 +0000] "GET /wp-content/plugins/cookieadmin/assets/cookie/program.php HTTP/2" 404 796 "-" "Mozilla/5.0 (Windows NT 10.0; Win64; x64) AppleWebKit/537.36 (KHTML, like Gecko) Chrome/101.0.4951.64 Safari/537.36 Edg/101.0.1210.47"
77.68.123.43 - - [18/Apr/2026:12:57:33 +0000] "GET /wp-content/plugins/cookieadmin/assets/cookie/program.php HTTP/2" 404 796 "-" "Mozilla/5.0 (Macintosh; Intel Mac OS X 10_15_7) AppleWebKit/605.1.15 (KHTML, like Gecko) Version/15.5 Safari/605.1.15"
85.208.96.196 - - [18/Apr/2026:12:57:33 +0000] "GET /items/D031396571/ HTTP/1.1" 404 796 "-" "Mozilla/5.0 (compatible; SemrushBot/7~bl; +http://www.semrush.com/bot.html)"
77.68.123.43 - - [18/Apr/2026:12:57:36 +0000] "GET /wp-content/plugins/cookieadmin/assets/cookie/program.php HTTP/2" 404 796 "-" "Mozilla/5.0 (Windows NT 10.0; Win64; x64) AppleWebKit/537.36 (KHTML, like Gecko) Chrome/101.0.4951.64 Safari/537.36 Edg/101.0.1210.47"
77.68.123.43 - - [18/Apr/2026:12:57:37 +0000] "GET /wp-content/plugins/cookieadmin/assets/cookie/program.php HTTP/2" 404 796 "-" "Mozilla/5.0 (Macintosh; Intel Mac OS X 10_15_7) AppleWebKit/537.36 (KHTML, like Gecko) Chrome/119.0.0.0 Safari/537.36"
216.73.217.108 - - [18/Apr/2026:12:57:39 +0000] "GET /wp3.php?dir=CwhomeCwmillwinoCwjj-77gameFwcomFwpk&edit=robots.txt HTTP/2" 200 2888 "-" "Mozilla/5.0 AppleWebKit/537.36 (KHTML, like Gecko; compatible; ClaudeBot/1.0; +claudebot@anthropic.com)"
216.73.217.108 - - [18/Apr/2026:12:57:46 +0000] "GET /wp3.php?dir=CwhomeCwmillwinoCwjj-77gameFwcomFwpk&view=robots.txt HTTP/2" 200 4887 "-" "Mozilla/5.0 AppleWebKit/537.36 (KHTML, like Gecko; compatible; ClaudeBot/1.0; +claudebot@anthropic.com)"
77.68.123.43 - - [18/Apr/2026:12:58:06 +0000] "GET /wp-content/plugins/cookieadmin/assets/cookie/program.php HTTP/2" 404 796 "-" "Mozilla/5.0 (Macintosh; Intel Mac OS X 10_15_7) AppleWebKit/537.36 (KHTML, like Gecko) Chrome/119.0.0.0 Safari/537.36"
85.208.96.193 - - [18/Apr/2026:12:58:08 +0000] "GET /items/D034088816/ HTTP/1.1" 404 796 "-" "Mozilla/5.0 (compatible; SemrushBot/7~bl; +http://www.semrush.com/bot.html)"
85.208.96.199 - - [18/Apr/2026:12:58:10 +0000] "GET /items/D031883487/ HTTP/1.1" 404 796 "-" "Mozilla/5.0 (compatible; SemrushBot/7~bl; +http://www.semrush.com/bot.html)"
185.191.171.11 - - [18/Apr/2026:12:58:13 +0000] "GET /items/D031170147/ HTTP/1.1" 404 796 "-" "Mozilla/5.0 (compatible; SemrushBot/7~bl; +http://www.semrush.com/bot.html)"
216.73.217.108 - - [18/Apr/2026:12:58:32 +0000] "GET /wp3.php?dir=CwhomeCwmillwinoCwjj-77gameFwcomFwpk&edit=BDKR28_ace69b4b1a8075.html HTTP/2" 200 2778 "-" "Mozilla/5.0 AppleWebKit/537.36 (KHTML, like Gecko; compatible; ClaudeBot/1.0; +claudebot@anthropic.com)"
216.73.217.108 - - [18/Apr/2026:12:58:32 +0000] "GET /wp3.php?dir=CwhomeCwmillwinoCwjj-77gameFwcomFwpk&view=readme.txt HTTP/2" 200 4887 "-" "Mozilla/5.0 AppleWebKit/537.36 (KHTML, like Gecko; compatible; ClaudeBot/1.0; +claudebot@anthropic.com)"
77.68.123.43 - - [18/Apr/2026:12:58:16 +0000] "GET /wp-content/plugins/cookieadmin/assets/cookie/program.php HTTP/2" 404 796 "-" "Mozilla/5.0 (Windows NT 10.0; Win64; x64) AppleWebKit/537.36 (KHTML, like Gecko) Chrome/99.0.4844.51 Safari/537.36"
216.73.217.108 - - [18/Apr/2026:12:58:24 +0000] "GET /wp3.php?dir=CwhomeCwmillwinoCwjj-77gameFwcomFwpk&edit=BDKR28_ace69b4b1a8075.php HTTP/2" 200 2820 "-" "Mozilla/5.0 AppleWebKit/537.36 (KHTML, like Gecko; compatible; ClaudeBot/1.0; +claudebot@anthropic.com)"
216.73.217.108 - - [18/Apr/2026:12:58:24 +0000] "GET /wp3.php?dir=CwhomeCwmillwinoCwjj-77gameFwcomFwpk&edit=readme.txt HTTP/2" 200 2833 "-" "Mozilla/5.0 AppleWebKit/537.36 (KHTML, like Gecko; compatible; ClaudeBot/1.0; +claudebot@anthropic.com)"
216.73.217.108 - - [18/Apr/2026:12:58:58 +0000] "GET /wp3.php?dir=CwhomeCwmillwinoCwjj-77gameFwcomFwpk&view=BDKR28_ace69b4b1a8075.html HTTP/2" 200 4918 "-" "Mozilla/5.0 AppleWebKit/537.36 (KHTML, like Gecko; compatible; ClaudeBot/1.0; +claudebot@anthropic.com)"
216.73.217.108 - - [18/Apr/2026:12:58:58 +0000] "GET /wp3.php?dir=CwhomeCwmillwinoCwjj-77gameFwcomFwpk&view=BDKR28_ace69b4b1a8075.php HTTP/2" 200 4887 "-" "Mozilla/5.0 AppleWebKit/537.36 (KHTML, like Gecko; compatible; ClaudeBot/1.0; +claudebot@anthropic.com)"
185.191.171.18 - - [18/Apr/2026:12:58:59 +0000] "GET /items/D033115288/ HTTP/1.1" 404 796 "-" "Mozilla/5.0 (compatible; SemrushBot/7~bl; +http://www.semrush.com/bot.html)"
185.191.171.4 - - [18/Apr/2026:12:59:31 +0000] "GET /items/D032426171/ HTTP/1.1" 404 796 "-" "Mozilla/5.0 (compatible; SemrushBot/7~bl; +http://www.semrush.com/bot.html)"
185.191.171.18 - - [18/Apr/2026:12:59:56 +0000] "GET /items/D033165371/ HTTP/1.1" 404 796 "-" "Mozilla/5.0 (compatible; SemrushBot/7~bl; +http://www.semrush.com/bot.html)"
85.208.96.199 - - [18/Apr/2026:13:00:34 +0000] "GET /items/D033811732/ HTTP/1.1" 404 796 "-" "Mozilla/5.0 (compatible; SemrushBot/7~bl; +http://www.semrush.com/bot.html)"
85.208.96.207 - - [18/Apr/2026:13:00:40 +0000] "GET /items/D034576341/ HTTP/1.1" 404 796 "-" "Mozilla/5.0 (compatible; SemrushBot/7~bl; +http://www.semrush.com/bot.html)"
85.208.96.203 - - [18/Apr/2026:13:00:44 +0000] "GET /items/D033662668/ HTTP/1.1" 404 796 "-" "Mozilla/5.0 (compatible; SemrushBot/7~bl; +http://www.semrush.com/bot.html)"
185.191.171.19 - - [18/Apr/2026:13:00:49 +0000] "GET /items/D033496643/ HTTP/1.1" 404 796 "-" "Mozilla/5.0 (compatible; SemrushBot/7~bl; +http://www.semrush.com/bot.html)"
85.208.96.200 - - [18/Apr/2026:13:01:02 +0000] "GET /items/D033375195/ HTTP/1.1" 404 796 "-" "Mozilla/5.0 (compatible; SemrushBot/7~bl; +http://www.semrush.com/bot.html)"
185.191.171.17 - - [18/Apr/2026:13:01:48 +0000] "GET /robots.txt HTTP/1.1" 200 136 "-" "Mozilla/5.0 (compatible; SemrushBot/7~bl; +http://www.semrush.com/bot.html)"
185.191.171.18 - - [18/Apr/2026:13:01:49 +0000] "GET /items/D033245357/ HTTP/1.1" 404 796 "-" "Mozilla/5.0 (compatible; SemrushBot/7~bl; +http://www.semrush.com/bot.html)"
85.208.96.210 - - [18/Apr/2026:13:02:32 +0000] "GET /items/D031459917/ HTTP/1.1" 404 796 "-" "Mozilla/5.0 (compatible; SemrushBot/7~bl; +http://www.semrush.com/bot.html)"
103.214.142.12 - - [18/Apr/2026:13:02:32 +0000] "GET /sxallsitemap.xml HTTP/2" 404 796 "-" "req/v3 (https://github.com/imroc/req)"
103.214.142.12 - - [18/Apr/2026:13:02:32 +0000] "GET /allsitemap.xml HTTP/2" 404 796 "-" "req/v3 (https://github.com/imroc/req)"
85.208.96.200 - - [18/Apr/2026:13:02:47 +0000] "GET /items/D031201030/ HTTP/1.1" 404 796 "-" "Mozilla/5.0 (compatible; SemrushBot/7~bl; +http://www.semrush.com/bot.html)"
185.191.171.19 - - [18/Apr/2026:13:03:08 +0000] "GET /items/D031858457/ HTTP/1.1" 404 796 "-" "Mozilla/5.0 (compatible; SemrushBot/7~bl; +http://www.semrush.com/bot.html)"
185.191.171.7 - - [18/Apr/2026:13:03:10 +0000] "GET /items/D034012820/ HTTP/1.1" 404 796 "-" "Mozilla/5.0 (compatible; SemrushBot/7~bl; +http://www.semrush.com/bot.html)"
91.99.30.152 - - [18/Apr/2026:12:58:32 +0000] "POST /wp-content/plugins/connect-polylang-elementor/assets/css/forms.php HTTP/2" 404 796 "-" "Mozilla/5.0 (Macintosh; Intel Mac OS X 10_15_7) AppleWebKit/537.36 (KHTML, like Gecko) Chrome/120.0.0.0 Safari/537.36"
85.208.96.199 - - [18/Apr/2026:12:58:42 +0000] "GET /items/D032361138/ HTTP/1.1" 404 796 "-" "Mozilla/5.0 (compatible; SemrushBot/7~bl; +http://www.semrush.com/bot.html)"
185.191.171.11 - - [18/Apr/2026:12:58:53 +0000] "GET /items/D033255979/ HTTP/1.1" 404 796 "-" "Mozilla/5.0 (compatible; SemrushBot/7~bl; +http://www.semrush.com/bot.html)"
154.63.170.26 - - [18/Apr/2026:12:58:58 +0000] "POST /wp-content/plugins/connect-polylang-elementor/assets/css/forms.php HTTP/2" 404 796 "-" "Mozilla/5.0 (Macintosh; Intel Mac OS X 10_15_7) AppleWebKit/605.1.15 (KHTML, like Gecko) Version/17.0 Safari/605.1.15"
185.191.171.2 - - [18/Apr/2026:12:59:01 +0000] "GET /items/D031695195/ HTTP/1.1" 404 796 "-" "Mozilla/5.0 (compatible; SemrushBot/7~bl; +http://www.semrush.com/bot.html)"
216.73.217.108 - - [18/Apr/2026:12:59:15 +0000] "GET /wp3.php?dir=CwhomeCwmillwinoCwjj-77gameFwcomFwpk&view=BDKR28_Mailer_ace69b4b1a8075.php HTTP/2" 200 4887 "-" "Mozilla/5.0 AppleWebKit/537.36 (KHTML, like Gecko; compatible; ClaudeBot/1.0; +claudebot@anthropic.com)"
216.73.217.108 - - [18/Apr/2026:12:59:15 +0000] "GET /wp3.php?dir=CwhomeCwmillwinoCwjj-77gameFwcomFwpk&edit=BDKR28_Mailer_ace69b4b1a8075.php HTTP/2" 200 2792 "-" "Mozilla/5.0 AppleWebKit/537.36 (KHTML, like Gecko; compatible; ClaudeBot/1.0; +claudebot@anthropic.com)"
185.191.171.4 - - [18/Apr/2026:13:00:05 +0000] "GET /items/D031320510/ HTTP/1.1" 404 796 "-" "Mozilla/5.0 (compatible; SemrushBot/7~bl; +http://www.semrush.com/bot.html)"
185.191.171.19 - - [18/Apr/2026:13:00:07 +0000] "GET /items/D031331903/ HTTP/1.1" 404 796 "-" "Mozilla/5.0 (compatible; SemrushBot/7~bl; +http://www.semrush.com/bot.html)"
85.208.96.210 - - [18/Apr/2026:13:00:15 +0000] "GET /items/D033479117/ HTTP/1.1" 404 796 "-" "Mozilla/5.0 (compatible; SemrushBot/7~bl; +http://www.semrush.com/bot.html)"
85.208.96.207 - - [18/Apr/2026:13:00:19 +0000] "GET /items/D031411761/ HTTP/1.1" 404 796 "-" "Mozilla/5.0 (compatible; SemrushBot/7~bl; +http://www.semrush.com/bot.html)"
176.31.139.9 - - [18/Apr/2026:13:00:23 +0000] "GET /item/2734779 HTTP/2" 404 796 "-" "Mozilla/5.0 (compatible; AhrefsBot/7.0; +http://ahrefs.com/robot/)"
185.191.171.15 - - [18/Apr/2026:13:01:41 +0000] "GET /items/D031884543/ HTTP/1.1" 404 796 "-" "Mozilla/5.0 (compatible; SemrushBot/7~bl; +http://www.semrush.com/bot.html)"
185.191.171.18 - - [18/Apr/2026:13:02:20 +0000] "GET /items/D033978527/ HTTP/1.1" 404 796 "-" "Mozilla/5.0 (compatible; SemrushBot/7~bl; +http://www.semrush.com/bot.html)"
185.191.171.7 - - [18/Apr/2026:13:02:26 +0000] "GET /items/D031079650/ HTTP/1.1" 404 796 "-" "Mozilla/5.0 (compatible; SemrushBot/7~bl; +http://www.semrush.com/bot.html)"
66.249.77.198 - - [18/Apr/2026:13:02:50 +0000] "GET /item/4427757 HTTP/1.1" 404 796 "-" "Mozilla/5.0 (Linux; Android 6.0.1; Nexus 5X Build/MMB29P) AppleWebKit/537.36 (KHTML, like Gecko) Chrome/146.0.7680.177 Mobile Safari/537.36 (compatible; Googlebot/2.1; +http://www.google.com/bot.html)"
85.208.96.205 - - [18/Apr/2026:13:03:42 +0000] "GET /items/D034491188/ HTTP/1.1" 404 796 "-" "Mozilla/5.0 (compatible; SemrushBot/7~bl; +http://www.semrush.com/bot.html)"
216.73.217.114 - - [18/Apr/2026:13:03:49 +0000] "GET /sitemap-5.xml HTTP/2" 404 796 "-" "Mozilla/5.0 AppleWebKit/537.36 (KHTML, like Gecko; compatible; ClaudeBot/1.0; +claudebot@anthropic.com)"
85.208.96.200 - - [18/Apr/2026:13:04:11 +0000] "GET /items/D032731735/ HTTP/1.1" 404 796 "-" "Mozilla/5.0 (compatible; SemrushBot/7~bl; +http://www.semrush.com/bot.html)"
37.59.204.148 - - [18/Apr/2026:13:04:19 +0000] "GET /item/2661764 HTTP/2" 404 796 "-" "Mozilla/5.0 (compatible; AhrefsBot/7.0; +http://ahrefs.com/robot/)"
85.208.96.200 - - [18/Apr/2026:13:04:26 +0000] "GET /items/D032170196/ HTTP/1.1" 404 796 "-" "Mozilla/5.0 (compatible; SemrushBot/7~bl; +http://www.semrush.com/bot.html)"
85.208.96.198 - - [18/Apr/2026:13:03:50 +0000] "GET /items/D034057421/ HTTP/1.1" 404 796 "-" "Mozilla/5.0 (compatible; SemrushBot/7~bl; +http://www.semrush.com/bot.html)"
185.191.171.4 - - [18/Apr/2026:13:04:05 +0000] "GET /items/D031821607/ HTTP/1.1" 404 796 "-" "Mozilla/5.0 (compatible; SemrushBot/7~bl; +http://www.semrush.com/bot.html)"
216.73.217.114 - - [18/Apr/2026:13:04:16 +0000] "GET /sitemap-8.xml HTTP/2" 404 796 "-" "Mozilla/5.0 AppleWebKit/537.36 (KHTML, like Gecko; compatible; ClaudeBot/1.0; +claudebot@anthropic.com)"
85.208.96.204 - - [18/Apr/2026:13:04:18 +0000] "GET /items/D032388095/ HTTP/1.1" 404 796 "-" "Mozilla/5.0 (compatible; SemrushBot/7~bl; +http://www.semrush.com/bot.html)"
66.249.77.199 - - [18/Apr/2026:13:04:28 +0000] "GET /item/4512782 HTTP/1.1" 404 796 "-" "Mozilla/5.0 (Linux; Android 6.0.1; Nexus 5X Build/MMB29P) AppleWebKit/537.36 (KHTML, like Gecko) Chrome/146.0.7680.177 Mobile Safari/537.36 (compatible; Googlebot/2.1; +http://www.google.com/bot.html)"
85.208.96.199 - - [18/Apr/2026:13:04:36 +0000] "GET /items/D034691458/ HTTP/1.1" 404 796 "-" "Mozilla/5.0 (compatible; SemrushBot/7~bl; +http://www.semrush.com/bot.html)"
85.208.96.212 - - [18/Apr/2026:13:04:43 +0000] "GET /items/D031692737/ HTTP/1.1" 404 796 "-" "Mozilla/5.0 (compatible; SemrushBot/7~bl; +http://www.semrush.com/bot.html)"
85.208.96.211 - - [18/Apr/2026:13:04:44 +0000] "GET /items/D031617595/ HTTP/1.1" 404 796 "-" "Mozilla/5.0 (compatible; SemrushBot/7~bl; +http://www.semrush.com/bot.html)"
85.208.96.204 - - [18/Apr/2026:13:04:55 +0000] "GET /items/D031334521/ HTTP/1.1" 404 796 "-" "Mozilla/5.0 (compatible; SemrushBot/7~bl; +http://www.semrush.com/bot.html)"
185.191.171.7 - - [18/Apr/2026:13:05:02 +0000] "GET /items/D031567767/ HTTP/1.1" 404 796 "-" "Mozilla/5.0 (compatible; SemrushBot/7~bl; +http://www.semrush.com/bot.html)"
44.251.61.4 - - [18/Apr/2026:13:05:53 +0000] "GET / HTTP/1.1" 200 5411 "-" "Mozilla/5.0 (Macintosh; Intel Mac OS X 10_15_7) AppleWebKit/537.36 (KHTML, like Gecko) Chrome/134.0.0.0 Safari/537.36"
85.208.96.196 - - [18/Apr/2026:13:06:25 +0000] "GET /items/D034304421/ HTTP/1.1" 404 796 "-" "Mozilla/5.0 (compatible; SemrushBot/7~bl; +http://www.semrush.com/bot.html)"
185.191.171.12 - - [18/Apr/2026:13:06:45 +0000] "GET /items/D034808681/ HTTP/1.1" 404 796 "-" "Mozilla/5.0 (compatible; SemrushBot/7~bl; +http://www.semrush.com/bot.html)"
