85.208.96.210 - - [18/Apr/2026:11:48:14 +0000] "GET /items/D034038919/ HTTP/1.1" 404 796 "-" "Mozilla/5.0 (compatible; SemrushBot/7~bl; +http://www.semrush.com/bot.html)"
185.191.171.17 - - [18/Apr/2026:11:48:49 +0000] "GET /items/D032983224/ HTTP/1.1" 404 796 "-" "Mozilla/5.0 (compatible; SemrushBot/7~bl; +http://www.semrush.com/bot.html)"
85.208.96.201 - - [18/Apr/2026:11:49:45 +0000] "GET /items/D033541759/ HTTP/1.1" 404 796 "-" "Mozilla/5.0 (compatible; SemrushBot/7~bl; +http://www.semrush.com/bot.html)"
185.191.171.14 - - [18/Apr/2026:11:49:52 +0000] "GET /items/D031839265/ HTTP/1.1" 404 796 "-" "Mozilla/5.0 (compatible; SemrushBot/7~bl; +http://www.semrush.com/bot.html)"
85.208.96.212 - - [18/Apr/2026:11:50:08 +0000] "GET /items/D032229361/ HTTP/1.1" 404 796 "-" "Mozilla/5.0 (compatible; SemrushBot/7~bl; +http://www.semrush.com/bot.html)"
37.59.204.136 - - [18/Apr/2026:11:50:10 +0000] "GET /item/4634546 HTTP/2" 404 796 "-" "Mozilla/5.0 (compatible; AhrefsBot/7.0; +http://ahrefs.com/robot/)"
85.208.96.199 - - [18/Apr/2026:11:50:11 +0000] "GET /items/D034614094/ HTTP/1.1" 404 796 "-" "Mozilla/5.0 (compatible; SemrushBot/7~bl; +http://www.semrush.com/bot.html)"
5.255.231.201 - - [18/Apr/2026:11:50:40 +0000] "GET /robots.txt HTTP/1.1" 200 826 "-" "Mozilla/5.0 (compatible; YandexBot/3.0; +http://yandex.com/bots)"
85.208.96.201 - - [18/Apr/2026:11:50:45 +0000] "GET /items/D032158383/ HTTP/1.1" 404 796 "-" "Mozilla/5.0 (compatible; SemrushBot/7~bl; +http://www.semrush.com/bot.html)"
185.191.171.13 - - [18/Apr/2026:11:51:17 +0000] "GET /items/D033752962/ HTTP/1.1" 404 796 "-" "Mozilla/5.0 (compatible; SemrushBot/7~bl; +http://www.semrush.com/bot.html)"
85.208.96.209 - - [18/Apr/2026:11:47:19 +0000] "GET /items/D033420146/ HTTP/1.1" 404 796 "-" "Mozilla/5.0 (compatible; SemrushBot/7~bl; +http://www.semrush.com/bot.html)"
185.191.171.5 - - [18/Apr/2026:11:48:04 +0000] "GET /items/D031560851/ HTTP/1.1" 404 796 "-" "Mozilla/5.0 (compatible; SemrushBot/7~bl; +http://www.semrush.com/bot.html)"
185.191.171.11 - - [18/Apr/2026:11:48:44 +0000] "GET /items/D031496785/ HTTP/1.1" 404 796 "-" "Mozilla/5.0 (compatible; SemrushBot/7~bl; +http://www.semrush.com/bot.html)"
85.208.96.200 - - [18/Apr/2026:11:48:55 +0000] "GET /items/D034078050/ HTTP/1.1" 404 796 "-" "Mozilla/5.0 (compatible; SemrushBot/7~bl; +http://www.semrush.com/bot.html)"
85.208.96.209 - - [18/Apr/2026:11:49:40 +0000] "GET /items/D033516749/ HTTP/1.1" 404 796 "-" "Mozilla/5.0 (compatible; SemrushBot/7~bl; +http://www.semrush.com/bot.html)"
185.191.171.10 - - [18/Apr/2026:11:49:44 +0000] "GET /items/D031469815/ HTTP/1.1" 404 796 "-" "Mozilla/5.0 (compatible; SemrushBot/7~bl; +http://www.semrush.com/bot.html)"
185.191.171.12 - - [18/Apr/2026:11:50:15 +0000] "GET /items/D032122170/ HTTP/1.1" 404 796 "-" "Mozilla/5.0 (compatible; SemrushBot/7~bl; +http://www.semrush.com/bot.html)"
85.208.96.202 - - [18/Apr/2026:11:50:47 +0000] "GET /items/D032017677/ HTTP/1.1" 404 796 "-" "Mozilla/5.0 (compatible; SemrushBot/7~bl; +http://www.semrush.com/bot.html)"
85.208.96.201 - - [18/Apr/2026:11:50:50 +0000] "GET /items/D032213638/ HTTP/1.1" 404 796 "-" "Mozilla/5.0 (compatible; SemrushBot/7~bl; +http://www.semrush.com/bot.html)"
185.191.171.11 - - [18/Apr/2026:11:51:33 +0000] "GET /items/D032514012/ HTTP/1.1" 404 796 "-" "Mozilla/5.0 (compatible; SemrushBot/7~bl; +http://www.semrush.com/bot.html)"
185.191.171.9 - - [18/Apr/2026:11:51:56 +0000] "GET /items/D034318621/ HTTP/1.1" 404 796 "-" "Mozilla/5.0 (compatible; SemrushBot/7~bl; +http://www.semrush.com/bot.html)"
85.208.96.202 - - [18/Apr/2026:11:52:04 +0000] "GET /items/D033752275/ HTTP/1.1" 404 796 "-" "Mozilla/5.0 (compatible; SemrushBot/7~bl; +http://www.semrush.com/bot.html)"
66.249.77.198 - - [18/Apr/2026:11:52:39 +0000] "GET /items/T164487342/ HTTP/1.1" 404 796 "-" "Mozilla/5.0 (Linux; Android 6.0.1; Nexus 5X Build/MMB29P) AppleWebKit/537.36 (KHTML, like Gecko) Chrome/146.0.7680.177 Mobile Safari/537.36 (compatible; Googlebot/2.1; +http://www.google.com/bot.html)"
85.208.96.195 - - [18/Apr/2026:11:53:00 +0000] "GET /items/D032936013/ HTTP/1.1" 404 796 "-" "Mozilla/5.0 (compatible; SemrushBot/7~bl; +http://www.semrush.com/bot.html)"
85.208.96.200 - - [18/Apr/2026:11:53:37 +0000] "GET /items/D034701736/ HTTP/1.1" 404 796 "-" "Mozilla/5.0 (compatible; SemrushBot/7~bl; +http://www.semrush.com/bot.html)"
185.191.171.16 - - [18/Apr/2026:11:53:54 +0000] "GET /items/D031110213/ HTTP/1.1" 404 796 "-" "Mozilla/5.0 (compatible; SemrushBot/7~bl; +http://www.semrush.com/bot.html)"
85.208.96.206 - - [18/Apr/2026:11:54:11 +0000] "GET /items/D033861654/ HTTP/1.1" 404 796 "-" "Mozilla/5.0 (compatible; SemrushBot/7~bl; +http://www.semrush.com/bot.html)"
185.191.171.9 - - [18/Apr/2026:11:54:14 +0000] "GET /items/D033615024/ HTTP/1.1" 404 796 "-" "Mozilla/5.0 (compatible; SemrushBot/7~bl; +http://www.semrush.com/bot.html)"
185.191.171.6 - - [18/Apr/2026:11:54:15 +0000] "GET /items/D033700793/ HTTP/1.1" 404 796 "-" "Mozilla/5.0 (compatible; SemrushBot/7~bl; +http://www.semrush.com/bot.html)"
185.191.171.4 - - [18/Apr/2026:11:54:42 +0000] "GET /items/D031132804/ HTTP/1.1" 404 796 "-" "Mozilla/5.0 (compatible; SemrushBot/7~bl; +http://www.semrush.com/bot.html)"
85.208.96.196 - - [18/Apr/2026:11:54:46 +0000] "GET /items/D032753175/ HTTP/1.1" 404 796 "-" "Mozilla/5.0 (compatible; SemrushBot/7~bl; +http://www.semrush.com/bot.html)"
185.191.171.6 - - [18/Apr/2026:11:55:32 +0000] "GET /items/D032257311/ HTTP/1.1" 404 796 "-" "Mozilla/5.0 (compatible; SemrushBot/7~bl; +http://www.semrush.com/bot.html)"
185.191.171.6 - - [18/Apr/2026:11:55:35 +0000] "GET /items/D034404836/ HTTP/1.1" 404 796 "-" "Mozilla/5.0 (compatible; SemrushBot/7~bl; +http://www.semrush.com/bot.html)"
85.208.96.196 - - [18/Apr/2026:11:52:12 +0000] "GET /items/D034829552/ HTTP/1.1" 404 796 "-" "Mozilla/5.0 (compatible; SemrushBot/7~bl; +http://www.semrush.com/bot.html)"
85.208.96.194 - - [18/Apr/2026:11:52:22 +0000] "GET /items/D031070168/ HTTP/1.1" 404 796 "-" "Mozilla/5.0 (compatible; SemrushBot/7~bl; +http://www.semrush.com/bot.html)"
85.208.96.212 - - [18/Apr/2026:11:52:26 +0000] "GET /items/D034679856/ HTTP/1.1" 404 796 "-" "Mozilla/5.0 (compatible; SemrushBot/7~bl; +http://www.semrush.com/bot.html)"
85.208.96.198 - - [18/Apr/2026:11:52:51 +0000] "GET /items/D032670922/ HTTP/1.1" 404 796 "-" "Mozilla/5.0 (compatible; SemrushBot/7~bl; +http://www.semrush.com/bot.html)"
85.208.96.211 - - [18/Apr/2026:11:52:53 +0000] "GET /items/D033781559/ HTTP/1.1" 404 796 "-" "Mozilla/5.0 (compatible; SemrushBot/7~bl; +http://www.semrush.com/bot.html)"
185.191.171.18 - - [18/Apr/2026:11:53:39 +0000] "GET /items/D033413213/ HTTP/1.1" 404 796 "-" "Mozilla/5.0 (compatible; SemrushBot/7~bl; +http://www.semrush.com/bot.html)"
103.230.156.120 - - [18/Apr/2026:11:53:56 +0000] "GET /wp-content/plugins/cookieadmin/assets/cookie/program.php HTTP/2" 404 796 "-" "Mozilla/5.0 (Macintosh; Intel Mac OS X 10_15_7) AppleWebKit/605.1.15 (KHTML, like Gecko) Version/15.3 Safari/605.1.15"
85.208.96.193 - - [18/Apr/2026:11:54:24 +0000] "GET /items/D032545487/ HTTP/1.1" 404 796 "-" "Mozilla/5.0 (compatible; SemrushBot/7~bl; +http://www.semrush.com/bot.html)"
92.222.104.211 - - [18/Apr/2026:11:54:35 +0000] "GET /item/4517502 HTTP/2" 404 796 "-" "Mozilla/5.0 (compatible; AhrefsBot/7.0; +http://ahrefs.com/robot/)"
85.208.96.200 - - [18/Apr/2026:11:55:03 +0000] "GET /items/D031553915/ HTTP/1.1" 404 796 "-" "Mozilla/5.0 (compatible; SemrushBot/7~bl; +http://www.semrush.com/bot.html)"
85.208.96.196 - - [18/Apr/2026:11:56:01 +0000] "GET /items/D033874454/ HTTP/1.1" 404 796 "-" "Mozilla/5.0 (compatible; SemrushBot/7~bl; +http://www.semrush.com/bot.html)"
185.191.171.13 - - [18/Apr/2026:11:56:07 +0000] "GET /items/D031393081/ HTTP/1.1" 404 796 "-" "Mozilla/5.0 (compatible; SemrushBot/7~bl; +http://www.semrush.com/bot.html)"
85.208.96.200 - - [18/Apr/2026:11:56:13 +0000] "GET /items/D032998936/ HTTP/1.1" 404 796 "-" "Mozilla/5.0 (compatible; SemrushBot/7~bl; +http://www.semrush.com/bot.html)"
85.208.96.211 - - [18/Apr/2026:11:56:44 +0000] "GET /items/D033098554/ HTTP/1.1" 404 796 "-" "Mozilla/5.0 (compatible; SemrushBot/7~bl; +http://www.semrush.com/bot.html)"
185.191.171.11 - - [18/Apr/2026:11:57:06 +0000] "GET /items/D031638824/ HTTP/1.1" 404 796 "-" "Mozilla/5.0 (compatible; SemrushBot/7~bl; +http://www.semrush.com/bot.html)"
185.191.171.13 - - [18/Apr/2026:11:57:53 +0000] "GET /items/D033850311/ HTTP/1.1" 404 796 "-" "Mozilla/5.0 (compatible; SemrushBot/7~bl; +http://www.semrush.com/bot.html)"
85.208.96.210 - - [18/Apr/2026:11:58:17 +0000] "GET /items/D031089683/ HTTP/1.1" 404 796 "-" "Mozilla/5.0 (compatible; SemrushBot/7~bl; +http://www.semrush.com/bot.html)"
103.230.156.120 - - [18/Apr/2026:11:58:21 +0000] "GET /wp-content/plugins/cookieadmin/assets/cookie/program.php HTTP/2" 404 796 "-" "Mozilla/5.0 (Windows NT 10.0; Win64; x64) AppleWebKit/537.36 (KHTML, like Gecko) Chrome/100.0.4896.75 Safari/537.36"
5.39.1.244 - - [18/Apr/2026:11:58:27 +0000] "GET /item/4497584 HTTP/2" 404 796 "-" "Mozilla/5.0 (compatible; AhrefsBot/7.0; +http://ahrefs.com/robot/)"
85.208.96.204 - - [18/Apr/2026:11:58:50 +0000] "GET /items/D031112485/ HTTP/1.1" 404 796 "-" "Mozilla/5.0 (compatible; SemrushBot/7~bl; +http://www.semrush.com/bot.html)"
85.208.96.196 - - [18/Apr/2026:11:59:08 +0000] "GET /items/D033095603/ HTTP/1.1" 404 796 "-" "Mozilla/5.0 (compatible; SemrushBot/7~bl; +http://www.semrush.com/bot.html)"
185.191.171.5 - - [18/Apr/2026:11:59:22 +0000] "GET /items/D034501144/ HTTP/1.1" 404 796 "-" "Mozilla/5.0 (compatible; SemrushBot/7~bl; +http://www.semrush.com/bot.html)"
185.191.171.11 - - [18/Apr/2026:11:59:46 +0000] "GET /items/D031295664/ HTTP/1.1" 404 796 "-" "Mozilla/5.0 (compatible; SemrushBot/7~bl; +http://www.semrush.com/bot.html)"
85.208.96.201 - - [18/Apr/2026:11:56:31 +0000] "GET /items/D033660348/ HTTP/1.1" 404 796 "-" "Mozilla/5.0 (compatible; SemrushBot/7~bl; +http://www.semrush.com/bot.html)"
185.191.171.10 - - [18/Apr/2026:11:56:38 +0000] "GET /items/D031984882/ HTTP/1.1" 404 796 "-" "Mozilla/5.0 (compatible; SemrushBot/7~bl; +http://www.semrush.com/bot.html)"
185.191.171.2 - - [18/Apr/2026:11:57:13 +0000] "GET /items/D032471346/ HTTP/1.1" 404 796 "-" "Mozilla/5.0 (compatible; SemrushBot/7~bl; +http://www.semrush.com/bot.html)"
85.208.96.201 - - [18/Apr/2026:11:57:37 +0000] "GET /items/D032983053/ HTTP/1.1" 404 796 "-" "Mozilla/5.0 (compatible; SemrushBot/7~bl; +http://www.semrush.com/bot.html)"
185.191.171.5 - - [18/Apr/2026:11:58:05 +0000] "GET /items/D031283091/ HTTP/1.1" 404 796 "-" "Mozilla/5.0 (compatible; SemrushBot/7~bl; +http://www.semrush.com/bot.html)"
85.208.96.211 - - [18/Apr/2026:11:58:15 +0000] "GET /items/D031065975/ HTTP/1.1" 404 796 "-" "Mozilla/5.0 (compatible; SemrushBot/7~bl; +http://www.semrush.com/bot.html)"
185.191.171.12 - - [18/Apr/2026:11:58:41 +0000] "GET /items/D032344235/ HTTP/1.1" 404 796 "-" "Mozilla/5.0 (compatible; SemrushBot/7~bl; +http://www.semrush.com/bot.html)"
185.191.171.10 - - [18/Apr/2026:11:58:50 +0000] "GET /robots.txt HTTP/1.1" 200 136 "-" "Mozilla/5.0 (compatible; SemrushBot/7~bl; +http://www.semrush.com/bot.html)"
185.191.171.2 - - [18/Apr/2026:11:59:04 +0000] "GET /items/D031185582/ HTTP/1.1" 404 796 "-" "Mozilla/5.0 (compatible; SemrushBot/7~bl; +http://www.semrush.com/bot.html)"
185.191.171.5 - - [18/Apr/2026:11:59:36 +0000] "GET /items/D033115963/ HTTP/1.1" 404 796 "-" "Mozilla/5.0 (compatible; SemrushBot/7~bl; +http://www.semrush.com/bot.html)"
85.208.96.194 - - [18/Apr/2026:12:00:00 +0000] "GET /items/D033196901/ HTTP/1.1" 404 796 "-" "Mozilla/5.0 (compatible; SemrushBot/7~bl; +http://www.semrush.com/bot.html)"
185.191.171.11 - - [18/Apr/2026:12:00:14 +0000] "GET /items/D031275342/ HTTP/1.1" 404 796 "-" "Mozilla/5.0 (compatible; SemrushBot/7~bl; +http://www.semrush.com/bot.html)"
85.208.96.209 - - [18/Apr/2026:12:00:17 +0000] "GET /items/D032193577/ HTTP/1.1" 404 796 "-" "Mozilla/5.0 (compatible; SemrushBot/7~bl; +http://www.semrush.com/bot.html)"
103.230.156.120 - - [18/Apr/2026:12:00:45 +0000] "GET /wp-content/plugins/cookieadmin/assets/cookie/program.php HTTP/2" 404 796 "-" "Mozilla/5.0 (Windows NT 10.0; Win64; x64) AppleWebKit/537.36 (KHTML, like Gecko) Chrome/99.0.4844.51 Safari/537.36 Edg/99.0.1150.30"
185.191.171.11 - - [18/Apr/2026:12:01:05 +0000] "GET /items/D034297095/ HTTP/1.1" 404 796 "-" "Mozilla/5.0 (compatible; SemrushBot/7~bl; +http://www.semrush.com/bot.html)"
85.208.96.197 - - [18/Apr/2026:12:01:38 +0000] "GET /items/D034776975/ HTTP/1.1" 404 796 "-" "Mozilla/5.0 (compatible; SemrushBot/7~bl; +http://www.semrush.com/bot.html)"
85.208.96.193 - - [18/Apr/2026:12:01:56 +0000] "GET /items/D032285684/ HTTP/1.1" 404 796 "-" "Mozilla/5.0 (compatible; SemrushBot/7~bl; +http://www.semrush.com/bot.html)"
85.208.96.204 - - [18/Apr/2026:12:02:17 +0000] "GET /items/D033892912/ HTTP/1.1" 404 796 "-" "Mozilla/5.0 (compatible; SemrushBot/7~bl; +http://www.semrush.com/bot.html)"
85.208.96.202 - - [18/Apr/2026:12:02:26 +0000] "GET /items/D031859889/ HTTP/1.1" 404 796 "-" "Mozilla/5.0 (compatible; SemrushBot/7~bl; +http://www.semrush.com/bot.html)"
95.108.213.205 - - [18/Apr/2026:12:02:39 +0000] "GET /items/D032368268/ HTTP/1.1" 404 796 "-" "Mozilla/5.0 (compatible; YandexBot/3.0; +http://yandex.com/bots)"
185.191.171.10 - - [18/Apr/2026:12:02:44 +0000] "GET /items/D031938505/ HTTP/1.1" 404 796 "-" "Mozilla/5.0 (compatible; SemrushBot/7~bl; +http://www.semrush.com/bot.html)"
5.255.231.123 - - [18/Apr/2026:12:02:55 +0000] "GET /item/2254798 HTTP/1.1" 404 796 "-" "Mozilla/5.0 (compatible; YandexBot/3.0; +http://yandex.com/bots)"
185.191.171.10 - - [18/Apr/2026:12:03:15 +0000] "GET /items/D031139549/ HTTP/1.1" 404 796 "-" "Mozilla/5.0 (compatible; SemrushBot/7~bl; +http://www.semrush.com/bot.html)"
103.230.156.120 - - [18/Apr/2026:11:59:52 +0000] "GET /wp-content/plugins/cookieadmin/assets/cookie/program.php HTTP/2" 404 796 "-" "Mozilla/5.0 (Linux; Android 12; Pixel 6) AppleWebKit/537.36 (KHTML, like Gecko) Chrome/99.0.4844.58 Mobile Safari/537.36"
185.191.171.7 - - [18/Apr/2026:12:00:47 +0000] "GET /items/D031425947/ HTTP/1.1" 404 796 "-" "Mozilla/5.0 (compatible; SemrushBot/7~bl; +http://www.semrush.com/bot.html)"
185.191.171.14 - - [18/Apr/2026:12:00:51 +0000] "GET /items/D031346598/ HTTP/1.1" 404 796 "-" "Mozilla/5.0 (compatible; SemrushBot/7~bl; +http://www.semrush.com/bot.html)"
185.191.171.19 - - [18/Apr/2026:12:00:52 +0000] "GET /items/D031376689/ HTTP/1.1" 404 796 "-" "Mozilla/5.0 (compatible; SemrushBot/7~bl; +http://www.semrush.com/bot.html)"
103.230.156.120 - - [18/Apr/2026:12:01:09 +0000] "GET /wp-content/plugins/cookieadmin/assets/cookie/program.php HTTP/2" 404 796 "-" "Mozilla/5.0 (Macintosh; Intel Mac OS X 10_15_7) AppleWebKit/537.36 (KHTML, like Gecko) Chrome/120.0.0.0 Safari/537.36"
185.191.171.8 - - [18/Apr/2026:12:01:14 +0000] "GET /items/D031757733/ HTTP/1.1" 404 796 "-" "Mozilla/5.0 (compatible; SemrushBot/7~bl; +http://www.semrush.com/bot.html)"
103.230.156.120 - - [18/Apr/2026:12:01:30 +0000] "GET /wp-content/plugins/cookieadmin/assets/cookie/program.php HTTP/2" 404 796 "-" "Mozilla/5.0 (Windows NT 10.0; Win64; x64) AppleWebKit/537.36 (KHTML, like Gecko) Chrome/107.0.0.0 Safari/537.36"
103.230.156.120 - - [18/Apr/2026:12:02:18 +0000] "GET /wp-content/plugins/cookieadmin/assets/cookie/program.php HTTP/2" 404 796 "-" "Mozilla/5.0 (Windows NT 10.0; Win64; x64) AppleWebKit/537.36 (KHTML, like Gecko) Chrome/101.0.4951.67 Safari/537.36"
85.208.96.193 - - [18/Apr/2026:12:02:25 +0000] "GET /items/D034595416/ HTTP/1.1" 404 796 "-" "Mozilla/5.0 (compatible; SemrushBot/7~bl; +http://www.semrush.com/bot.html)"
51.75.236.145 - - [18/Apr/2026:12:02:35 +0000] "GET /item/4387402 HTTP/2" 404 796 "-" "Mozilla/5.0 (compatible; AhrefsBot/7.0; +http://ahrefs.com/robot/)"
85.208.96.209 - - [18/Apr/2026:12:02:48 +0000] "GET /items/D032809566/ HTTP/1.1" 404 796 "-" "Mozilla/5.0 (compatible; SemrushBot/7~bl; +http://www.semrush.com/bot.html)"
185.191.171.8 - - [18/Apr/2026:12:02:53 +0000] "GET /items/D032309728/ HTTP/1.1" 404 796 "-" "Mozilla/5.0 (compatible; SemrushBot/7~bl; +http://www.semrush.com/bot.html)"
185.191.171.15 - - [18/Apr/2026:12:03:51 +0000] "GET /items/D031588348/ HTTP/1.1" 404 796 "-" "Mozilla/5.0 (compatible; SemrushBot/7~bl; +http://www.semrush.com/bot.html)"
95.108.213.205 - - [18/Apr/2026:12:04:09 +0000] "GET /items/D034143734/ HTTP/1.1" 404 796 "-" "Mozilla/5.0 (compatible; YandexBot/3.0; +http://yandex.com/bots)"
5.255.231.123 - - [18/Apr/2026:12:04:13 +0000] "GET /items/D033436353/ HTTP/1.1" 404 796 "-" "Mozilla/5.0 (compatible; YandexBot/3.0; +http://yandex.com/bots)"
185.191.171.10 - - [18/Apr/2026:12:04:13 +0000] "GET /items/D033294441/ HTTP/1.1" 404 796 "-" "Mozilla/5.0 (compatible; SemrushBot/7~bl; +http://www.semrush.com/bot.html)"
85.208.96.202 - - [18/Apr/2026:12:04:16 +0000] "GET /items/D032805748/ HTTP/1.1" 404 796 "-" "Mozilla/5.0 (compatible; SemrushBot/7~bl; +http://www.semrush.com/bot.html)"
85.208.96.200 - - [18/Apr/2026:12:04:49 +0000] "GET /items/D034511451/ HTTP/1.1" 404 796 "-" "Mozilla/5.0 (compatible; SemrushBot/7~bl; +http://www.semrush.com/bot.html)"
85.208.96.207 - - [18/Apr/2026:12:04:51 +0000] "GET /items/D031638274/ HTTP/1.1" 404 796 "-" "Mozilla/5.0 (compatible; SemrushBot/7~bl; +http://www.semrush.com/bot.html)"
5.255.231.49 - - [18/Apr/2026:12:04:59 +0000] "GET /item/2174580 HTTP/1.1" 404 796 "-" "Mozilla/5.0 (compatible; YandexBot/3.0; +http://yandex.com/bots)"
85.208.96.205 - - [18/Apr/2026:12:05:11 +0000] "GET /items/D033253592/ HTTP/1.1" 404 796 "-" "Mozilla/5.0 (compatible; SemrushBot/7~bl; +http://www.semrush.com/bot.html)"
85.208.96.199 - - [18/Apr/2026:12:05:15 +0000] "GET /items/D034271138/ HTTP/1.1" 404 796 "-" "Mozilla/5.0 (compatible; SemrushBot/7~bl; +http://www.semrush.com/bot.html)"
85.208.96.210 - - [18/Apr/2026:12:03:40 +0000] "GET /items/D032624182/ HTTP/1.1" 404 796 "-" "Mozilla/5.0 (compatible; SemrushBot/7~bl; +http://www.semrush.com/bot.html)"
185.191.171.8 - - [18/Apr/2026:12:03:48 +0000] "GET /items/D032066149/ HTTP/1.1" 404 796 "-" "Mozilla/5.0 (compatible; SemrushBot/7~bl; +http://www.semrush.com/bot.html)"
103.230.156.120 - - [18/Apr/2026:12:03:48 +0000] "GET /wp-content/plugins/cookieadmin/assets/cookie/program.php HTTP/2" 404 796 "-" "Mozilla/5.0 (Windows NT 10.0; Win64; x64) AppleWebKit/537.36 (KHTML, like Gecko) Chrome/107.0.0.0 Safari/537.36"
87.250.224.95 - - [18/Apr/2026:12:03:49 +0000] "GET /items/D034218203/ HTTP/1.1" 404 796 "-" "Mozilla/5.0 (compatible; YandexBot/3.0; +http://yandex.com/bots)"
87.250.224.122 - - [18/Apr/2026:12:03:52 +0000] "GET /items/D033996452/ HTTP/1.1" 404 796 "-" "Mozilla/5.0 (compatible; YandexBot/3.0; +http://yandex.com/bots)"
95.108.213.171 - - [18/Apr/2026:12:03:54 +0000] "GET /items/D033457216/ HTTP/1.1" 404 796 "-" "Mozilla/5.0 (compatible; YandexBot/3.0; +http://yandex.com/bots)"
85.208.96.195 - - [18/Apr/2026:12:04:19 +0000] "GET /items/D031433465/ HTTP/1.1" 404 796 "-" "Mozilla/5.0 (compatible; SemrushBot/7~bl; +http://www.semrush.com/bot.html)"
85.208.96.198 - - [18/Apr/2026:12:05:06 +0000] "GET /items/D033987487/ HTTP/1.1" 404 796 "-" "Mozilla/5.0 (compatible; SemrushBot/7~bl; +http://www.semrush.com/bot.html)"
213.180.203.94 - - [18/Apr/2026:12:05:08 +0000] "GET /items/D032799765/ HTTP/1.1" 404 796 "-" "Mozilla/5.0 (compatible; YandexBot/3.0; +http://yandex.com/bots)"
103.230.156.120 - - [18/Apr/2026:12:05:09 +0000] "GET /wp-content/plugins/cookieadmin/assets/cookie/program.php HTTP/2" 404 796 "-" "Mozilla/5.0 (Windows NT 10.0; Win64; x64) AppleWebKit/537.36 (KHTML, like Gecko) Chrome/99.0.4844.51 Safari/537.36 Edg/99.0.1150.30"
66.249.77.198 - - [18/Apr/2026:12:05:35 +0000] "GET /item/1911049 HTTP/1.1" 404 796 "-" "Mozilla/5.0 (Linux; Android 6.0.1; Nexus 5X Build/MMB29P) AppleWebKit/537.36 (KHTML, like Gecko) Chrome/146.0.7680.177 Mobile Safari/537.36 (compatible; Googlebot/2.1; +http://www.google.com/bot.html)"
185.191.171.1 - - [18/Apr/2026:12:06:18 +0000] "GET /items/D031696600/ HTTP/1.1" 404 796 "-" "Mozilla/5.0 (compatible; SemrushBot/7~bl; +http://www.semrush.com/bot.html)"
5.255.231.188 - - [18/Apr/2026:12:06:23 +0000] "GET /items/D031753347/ HTTP/1.1" 404 796 "-" "Mozilla/5.0 (compatible; YandexBot/3.0; +http://yandex.com/bots)"
85.208.96.209 - - [18/Apr/2026:12:06:33 +0000] "GET /items/D034640623/ HTTP/1.1" 404 796 "-" "Mozilla/5.0 (compatible; SemrushBot/7~bl; +http://www.semrush.com/bot.html)"
213.180.203.93 - - [18/Apr/2026:12:06:38 +0000] "GET /items/D031581765/ HTTP/1.1" 404 796 "-" "Mozilla/5.0 (compatible; YandexBot/3.0; +http://yandex.com/bots)"
85.208.96.208 - - [18/Apr/2026:12:06:40 +0000] "GET /items/D032869248/ HTTP/1.1" 404 796 "-" "Mozilla/5.0 (compatible; SemrushBot/7~bl; +http://www.semrush.com/bot.html)"
66.249.77.197 - - [18/Apr/2026:12:06:44 +0000] "GET /items/P042770035/ HTTP/1.1" 404 796 "-" "Mozilla/5.0 (Linux; Android 6.0.1; Nexus 5X Build/MMB29P) AppleWebKit/537.36 (KHTML, like Gecko) Chrome/146.0.7680.177 Mobile Safari/537.36 (compatible; Googlebot/2.1; +http://www.google.com/bot.html)"
185.191.171.13 - - [18/Apr/2026:12:07:07 +0000] "GET /items/D032607927/ HTTP/1.1" 404 796 "-" "Mozilla/5.0 (compatible; SemrushBot/7~bl; +http://www.semrush.com/bot.html)"
185.191.171.8 - - [18/Apr/2026:12:07:37 +0000] "GET /items/D031256798/ HTTP/1.1" 404 796 "-" "Mozilla/5.0 (compatible; SemrushBot/7~bl; +http://www.semrush.com/bot.html)"
213.180.203.94 - - [18/Apr/2026:12:07:50 +0000] "GET /items/D033863840/ HTTP/1.1" 404 796 "-" "Mozilla/5.0 (compatible; YandexBot/3.0; +http://yandex.com/bots)"
66.249.77.199 - - [18/Apr/2026:12:07:57 +0000] "GET /item/4635436 HTTP/1.1" 404 796 "-" "Mozilla/5.0 (Linux; Android 6.0.1; Nexus 5X Build/MMB29P) AppleWebKit/537.36 (KHTML, like Gecko) Chrome/146.0.7680.177 Mobile Safari/537.36 (compatible; Googlebot/2.1; +http://www.google.com/bot.html)"
37.59.204.137 - - [18/Apr/2026:12:08:02 +0000] "GET /item/4369372 HTTP/2" 404 796 "-" "Mozilla/5.0 (compatible; AhrefsBot/7.0; +http://ahrefs.com/robot/)"
185.191.171.1 - - [18/Apr/2026:12:08:04 +0000] "GET /items/D034063900/ HTTP/1.1" 404 796 "-" "Mozilla/5.0 (compatible; SemrushBot/7~bl; +http://www.semrush.com/bot.html)"
185.191.171.5 - - [18/Apr/2026:12:08:11 +0000] "GET /items/D032347261/ HTTP/1.1" 404 796 "-" "Mozilla/5.0 (compatible; SemrushBot/7~bl; +http://www.semrush.com/bot.html)"
185.191.171.8 - - [18/Apr/2026:12:08:18 +0000] "GET /items/D031417061/ HTTP/1.1" 404 796 "-" "Mozilla/5.0 (compatible; SemrushBot/7~bl; +http://www.semrush.com/bot.html)"
85.208.96.208 - - [18/Apr/2026:12:08:19 +0000] "GET /items/D032628681/ HTTP/1.1" 404 796 "-" "Mozilla/5.0 (compatible; SemrushBot/7~bl; +http://www.semrush.com/bot.html)"
85.208.96.193 - - [18/Apr/2026:12:08:21 +0000] "GET /items/D032753536/ HTTP/1.1" 404 796 "-" "Mozilla/5.0 (compatible; SemrushBot/7~bl; +http://www.semrush.com/bot.html)"
85.208.96.200 - - [18/Apr/2026:12:08:48 +0000] "GET /items/D033629975/ HTTP/1.1" 404 796 "-" "Mozilla/5.0 (compatible; SemrushBot/7~bl; +http://www.semrush.com/bot.html)"
185.191.171.15 - - [18/Apr/2026:12:08:53 +0000] "GET /items/D031822682/ HTTP/1.1" 404 796 "-" "Mozilla/5.0 (compatible; SemrushBot/7~bl; +http://www.semrush.com/bot.html)"
85.208.96.212 - - [18/Apr/2026:12:09:16 +0000] "GET /items/D032277002/ HTTP/1.1" 404 796 "-" "Mozilla/5.0 (compatible; SemrushBot/7~bl; +http://www.semrush.com/bot.html)"
185.191.171.5 - - [18/Apr/2026:12:09:30 +0000] "GET /items/D031327529/ HTTP/1.1" 404 796 "-" "Mozilla/5.0 (compatible; SemrushBot/7~bl; +http://www.semrush.com/bot.html)"
185.191.171.8 - - [18/Apr/2026:12:09:40 +0000] "GET /items/D031364772/ HTTP/1.1" 404 796 "-" "Mozilla/5.0 (compatible; SemrushBot/7~bl; +http://www.semrush.com/bot.html)"
85.208.96.193 - - [18/Apr/2026:12:09:57 +0000] "GET /items/D031709750/ HTTP/1.1" 404 796 "-" "Mozilla/5.0 (compatible; SemrushBot/7~bl; +http://www.semrush.com/bot.html)"
213.180.203.135 - - [18/Apr/2026:12:10:12 +0000] "GET /item/4481450 HTTP/1.1" 404 796 "-" "Mozilla/5.0 (compatible; YandexBot/3.0; +http://yandex.com/bots)"
87.250.224.90 - - [18/Apr/2026:12:10:24 +0000] "GET /item/4181964 HTTP/1.1" 404 796 "-" "Mozilla/5.0 (compatible; YandexBot/3.0; +http://yandex.com/bots)"
85.208.96.212 - - [18/Apr/2026:12:10:41 +0000] "GET /items/D031616415/ HTTP/1.1" 404 796 "-" "Mozilla/5.0 (compatible; SemrushBot/7~bl; +http://www.semrush.com/bot.html)"
185.191.171.2 - - [18/Apr/2026:12:11:03 +0000] "GET /items/D033891949/ HTTP/1.1" 404 796 "-" "Mozilla/5.0 (compatible; SemrushBot/7~bl; +http://www.semrush.com/bot.html)"
216.73.217.114 - - [18/Apr/2026:12:11:11 +0000] "GET /sitemap-4.xml HTTP/2" 404 796 "-" "Mozilla/5.0 AppleWebKit/537.36 (KHTML, like Gecko; compatible; ClaudeBot/1.0; +claudebot@anthropic.com)"
216.73.217.114 - - [18/Apr/2026:12:11:11 +0000] "GET /sitemap-1.xml HTTP/2" 404 796 "-" "Mozilla/5.0 AppleWebKit/537.36 (KHTML, like Gecko; compatible; ClaudeBot/1.0; +claudebot@anthropic.com)"
51.75.236.136 - - [18/Apr/2026:12:11:23 +0000] "GET /item/4259398 HTTP/2" 404 796 "-" "Mozilla/5.0 (compatible; AhrefsBot/7.0; +http://ahrefs.com/robot/)"
85.208.96.209 - - [18/Apr/2026:12:11:28 +0000] "GET /items/D033272313/ HTTP/1.1" 404 796 "-" "Mozilla/5.0 (compatible; SemrushBot/7~bl; +http://www.semrush.com/bot.html)"
185.191.171.2 - - [18/Apr/2026:12:12:04 +0000] "GET /items/D033717402/ HTTP/1.1" 404 796 "-" "Mozilla/5.0 (compatible; SemrushBot/7~bl; +http://www.semrush.com/bot.html)"
157.90.114.254 - - [18/Apr/2026:12:12:11 +0000] "POST /xmlrpc.php HTTP/1.1" 404 796 "-" "Mozilla/5.0 (Windows NT 10.0; Win64; x64) AppleWebKit/537.36 (KHTML, like Gecko) Chrome/108.0.0.0 Safari/537.36"
157.90.114.254 - - [18/Apr/2026:12:12:13 +0000] "POST /xmlrpc.php HTTP/1.1" 404 796 "-" "Mozilla/5.0 (Windows NT 10.0; Win64; x64) AppleWebKit/537.36 (KHTML, like Gecko) Chrome/108.0.0.0 Safari/537.36"
85.208.96.195 - - [18/Apr/2026:12:05:57 +0000] "GET /items/D034082019/ HTTP/1.1" 404 796 "-" "Mozilla/5.0 (compatible; SemrushBot/7~bl; +http://www.semrush.com/bot.html)"
185.191.171.6 - - [18/Apr/2026:12:05:59 +0000] "GET /items/D032552441/ HTTP/1.1" 404 796 "-" "Mozilla/5.0 (compatible; SemrushBot/7~bl; +http://www.semrush.com/bot.html)"
95.108.213.159 - - [18/Apr/2026:12:06:35 +0000] "GET /items/D033406239/ HTTP/1.1" 404 796 "-" "Mozilla/5.0 (compatible; YandexBot/3.0; +http://yandex.com/bots)"
85.208.96.196 - - [18/Apr/2026:12:06:46 +0000] "GET /items/D033413702/ HTTP/1.1" 404 796 "-" "Mozilla/5.0 (compatible; SemrushBot/7~bl; +http://www.semrush.com/bot.html)"
85.208.96.197 - - [18/Apr/2026:12:06:57 +0000] "GET /items/D032078856/ HTTP/1.1" 404 796 "-" "Mozilla/5.0 (compatible; SemrushBot/7~bl; +http://www.semrush.com/bot.html)"
66.249.77.197 - - [18/Apr/2026:12:06:58 +0000] "GET /items/S062527784/ HTTP/1.1" 404 796 "-" "Mozilla/5.0 (Linux; Android 6.0.1; Nexus 5X Build/MMB29P) AppleWebKit/537.36 (KHTML, like Gecko) Chrome/146.0.7680.177 Mobile Safari/537.36 (compatible; Googlebot/2.1; +http://www.google.com/bot.html)"
185.191.171.1 - - [18/Apr/2026:12:08:03 +0000] "GET /items/D033281573/ HTTP/1.1" 404 796 "-" "Mozilla/5.0 (compatible; SemrushBot/7~bl; +http://www.semrush.com/bot.html)"
95.108.213.205 - - [18/Apr/2026:12:08:46 +0000] "GET /item/2453440 HTTP/1.1" 404 796 "-" "Mozilla/5.0 (compatible; YandexBot/3.0; +http://yandex.com/bots)"
85.208.96.204 - - [18/Apr/2026:12:09:14 +0000] "GET /items/D033079298/ HTTP/1.1" 404 796 "-" "Mozilla/5.0 (compatible; SemrushBot/7~bl; +http://www.semrush.com/bot.html)"
185.191.171.11 - - [18/Apr/2026:12:10:20 +0000] "GET /items/D032464062/ HTTP/1.1" 404 796 "-" "Mozilla/5.0 (compatible; SemrushBot/7~bl; +http://www.semrush.com/bot.html)"
85.208.96.197 - - [18/Apr/2026:12:10:32 +0000] "GET /items/D033835061/ HTTP/1.1" 404 796 "-" "Mozilla/5.0 (compatible; SemrushBot/7~bl; +http://www.semrush.com/bot.html)"
85.208.96.203 - - [18/Apr/2026:12:10:57 +0000] "GET /items/D034466545/ HTTP/1.1" 404 796 "-" "Mozilla/5.0 (compatible; SemrushBot/7~bl; +http://www.semrush.com/bot.html)"
216.73.217.114 - - [18/Apr/2026:12:11:21 +0000] "GET /sitemap-13.xml HTTP/2" 404 796 "-" "Mozilla/5.0 AppleWebKit/537.36 (KHTML, like Gecko; compatible; ClaudeBot/1.0; +claudebot@anthropic.com)"
85.208.96.204 - - [18/Apr/2026:12:11:47 +0000] "GET /items/D032537790/ HTTP/1.1" 404 796 "-" "Mozilla/5.0 (compatible; SemrushBot/7~bl; +http://www.semrush.com/bot.html)"
85.208.96.207 - - [18/Apr/2026:12:11:53 +0000] "GET /items/D033511136/ HTTP/1.1" 404 796 "-" "Mozilla/5.0 (compatible; SemrushBot/7~bl; +http://www.semrush.com/bot.html)"
185.191.171.9 - - [18/Apr/2026:12:12:15 +0000] "GET /items/D034810339/ HTTP/1.1" 404 796 "-" "Mozilla/5.0 (compatible; SemrushBot/7~bl; +http://www.semrush.com/bot.html)"
85.208.96.203 - - [18/Apr/2026:12:12:20 +0000] "GET /items/D031545132/ HTTP/1.1" 404 796 "-" "Mozilla/5.0 (compatible; SemrushBot/7~bl; +http://www.semrush.com/bot.html)"
185.191.171.1 - - [18/Apr/2026:12:12:23 +0000] "GET /items/D033531101/ HTTP/1.1" 404 796 "-" "Mozilla/5.0 (compatible; SemrushBot/7~bl; +http://www.semrush.com/bot.html)"
85.208.96.208 - - [18/Apr/2026:12:13:04 +0000] "GET /items/D033846548/ HTTP/1.1" 404 796 "-" "Mozilla/5.0 (compatible; SemrushBot/7~bl; +http://www.semrush.com/bot.html)"
85.208.96.203 - - [18/Apr/2026:12:13:21 +0000] "GET /items/D034009412/ HTTP/1.1" 404 796 "-" "Mozilla/5.0 (compatible; SemrushBot/7~bl; +http://www.semrush.com/bot.html)"
85.208.96.204 - - [18/Apr/2026:12:13:47 +0000] "GET /items/D033635040/ HTTP/1.1" 404 796 "-" "Mozilla/5.0 (compatible; SemrushBot/7~bl; +http://www.semrush.com/bot.html)"
185.191.171.19 - - [18/Apr/2026:12:13:59 +0000] "GET /items/D031133686/ HTTP/1.1" 404 796 "-" "Mozilla/5.0 (compatible; SemrushBot/7~bl; +http://www.semrush.com/bot.html)"
185.191.171.7 - - [18/Apr/2026:12:14:00 +0000] "GET /items/D034399681/ HTTP/1.1" 404 796 "-" "Mozilla/5.0 (compatible; SemrushBot/7~bl; +http://www.semrush.com/bot.html)"
185.191.171.2 - - [18/Apr/2026:12:14:36 +0000] "GET /items/D032893582/ HTTP/1.1" 404 796 "-" "Mozilla/5.0 (compatible; SemrushBot/7~bl; +http://www.semrush.com/bot.html)"
185.191.171.9 - - [18/Apr/2026:12:15:13 +0000] "GET /items/D034171443/ HTTP/1.1" 404 796 "-" "Mozilla/5.0 (compatible; SemrushBot/7~bl; +http://www.semrush.com/bot.html)"
85.208.96.206 - - [18/Apr/2026:12:15:18 +0000] "GET /items/D034339851/ HTTP/1.1" 404 796 "-" "Mozilla/5.0 (compatible; SemrushBot/7~bl; +http://www.semrush.com/bot.html)"
216.73.217.114 - - [18/Apr/2026:12:15:21 +0000] "GET /sitemap-2.xml HTTP/2" 404 796 "-" "Mozilla/5.0 AppleWebKit/537.36 (KHTML, like Gecko; compatible; ClaudeBot/1.0; +claudebot@anthropic.com)"
216.73.217.114 - - [18/Apr/2026:12:15:21 +0000] "GET /sitemap-7.xml HTTP/2" 404 796 "-" "Mozilla/5.0 AppleWebKit/537.36 (KHTML, like Gecko; compatible; ClaudeBot/1.0; +claudebot@anthropic.com)"
216.73.217.114 - - [18/Apr/2026:12:15:21 +0000] "GET /sitemap-6.xml HTTP/2" 404 796 "-" "Mozilla/5.0 AppleWebKit/537.36 (KHTML, like Gecko; compatible; ClaudeBot/1.0; +claudebot@anthropic.com)"
85.208.96.197 - - [18/Apr/2026:12:15:38 +0000] "GET /items/D034075405/ HTTP/1.1" 404 796 "-" "Mozilla/5.0 (compatible; SemrushBot/7~bl; +http://www.semrush.com/bot.html)"
51.75.236.143 - - [18/Apr/2026:12:15:41 +0000] "GET /item/4255111 HTTP/2" 404 796 "-" "Mozilla/5.0 (compatible; AhrefsBot/7.0; +http://ahrefs.com/robot/)"
185.191.171.15 - - [18/Apr/2026:12:15:44 +0000] "GET /items/D033413072/ HTTP/1.1" 404 796 "-" "Mozilla/5.0 (compatible; SemrushBot/7~bl; +http://www.semrush.com/bot.html)"
85.208.96.207 - - [18/Apr/2026:12:15:54 +0000] "GET /items/D031965680/ HTTP/1.1" 404 796 "-" "Mozilla/5.0 (compatible; SemrushBot/7~bl; +http://www.semrush.com/bot.html)"
85.208.96.206 - - [18/Apr/2026:12:16:12 +0000] "GET /items/D031528613/ HTTP/1.1" 404 796 "-" "Mozilla/5.0 (compatible; SemrushBot/7~bl; +http://www.semrush.com/bot.html)"
85.208.96.193 - - [18/Apr/2026:12:16:18 +0000] "GET /items/D033711307/ HTTP/1.1" 404 796 "-" "Mozilla/5.0 (compatible; SemrushBot/7~bl; +http://www.semrush.com/bot.html)"
185.191.171.9 - - [18/Apr/2026:12:16:22 +0000] "GET /items/D032704433/ HTTP/1.1" 404 796 "-" "Mozilla/5.0 (compatible; SemrushBot/7~bl; +http://www.semrush.com/bot.html)"
185.191.171.3 - - [18/Apr/2026:12:16:40 +0000] "GET /items/D032548785/ HTTP/1.1" 404 796 "-" "Mozilla/5.0 (compatible; SemrushBot/7~bl; +http://www.semrush.com/bot.html)"
185.191.171.12 - - [18/Apr/2026:12:17:10 +0000] "GET /items/D032470260/ HTTP/1.1" 404 796 "-" "Mozilla/5.0 (compatible; SemrushBot/7~bl; +http://www.semrush.com/bot.html)"
185.191.171.19 - - [18/Apr/2026:12:17:27 +0000] "GET /items/D031690969/ HTTP/1.1" 404 796 "-" "Mozilla/5.0 (compatible; SemrushBot/7~bl; +http://www.semrush.com/bot.html)"
86.110.247.136 - - [18/Apr/2026:12:17:32 +0000] "POST /404.php HTTP/2" 404 796 "-" "Mozilla/5.0 (Macintosh; Intel Mac OS X 10_15_7) AppleWebKit/605.1.15 (KHTML, like Gecko) Version/15.3 Safari/605.1.15"
185.191.171.13 - - [18/Apr/2026:12:17:48 +0000] "GET /items/D031414063/ HTTP/1.1" 404 796 "-" "Mozilla/5.0 (compatible; SemrushBot/7~bl; +http://www.semrush.com/bot.html)"
66.249.77.198 - - [18/Apr/2026:12:17:55 +0000] "GET /item/3583900 HTTP/1.1" 404 796 "-" "Mozilla/5.0 (Linux; Android 6.0.1; Nexus 5X Build/MMB29P) AppleWebKit/537.36 (KHTML, like Gecko) Chrome/146.0.7680.177 Mobile Safari/537.36 (compatible; Googlebot/2.1; +http://www.google.com/bot.html)"
85.208.96.202 - - [18/Apr/2026:12:18:16 +0000] "GET /items/D033545250/ HTTP/1.1" 404 796 "-" "Mozilla/5.0 (compatible; SemrushBot/7~bl; +http://www.semrush.com/bot.html)"
85.208.96.207 - - [18/Apr/2026:12:18:17 +0000] "GET /items/D033067856/ HTTP/1.1" 404 796 "-" "Mozilla/5.0 (compatible; SemrushBot/7~bl; +http://www.semrush.com/bot.html)"
216.73.217.114 - - [18/Apr/2026:12:18:39 +0000] "GET /robots.txt HTTP/2" 200 99 "-" "Mozilla/5.0 AppleWebKit/537.36 (KHTML, like Gecko; compatible; ClaudeBot/1.0; +claudebot@anthropic.com)"
185.191.171.18 - - [18/Apr/2026:12:12:21 +0000] "GET /items/D031939599/ HTTP/1.1" 404 796 "-" "Mozilla/5.0 (compatible; SemrushBot/7~bl; +http://www.semrush.com/bot.html)"
87.250.224.207 - - [18/Apr/2026:12:12:39 +0000] "GET /items/D033502685/ HTTP/1.1" 404 796 "-" "Mozilla/5.0 (compatible; YandexBot/3.0; +http://yandex.com/bots)"
185.191.171.18 - - [18/Apr/2026:12:13:09 +0000] "GET /items/D032261335/ HTTP/1.1" 404 796 "-" "Mozilla/5.0 (compatible; SemrushBot/7~bl; +http://www.semrush.com/bot.html)"
85.208.96.203 - - [18/Apr/2026:12:13:23 +0000] "GET /items/D031386969/ HTTP/1.1" 404 796 "-" "Mozilla/5.0 (compatible; SemrushBot/7~bl; +http://www.semrush.com/bot.html)"
85.208.96.194 - - [18/Apr/2026:12:14:30 +0000] "GET /items/D034467078/ HTTP/1.1" 404 796 "-" "Mozilla/5.0 (compatible; SemrushBot/7~bl; +http://www.semrush.com/bot.html)"
85.208.96.193 - - [18/Apr/2026:12:14:42 +0000] "GET /items/D032617756/ HTTP/1.1" 404 796 "-" "Mozilla/5.0 (compatible; SemrushBot/7~bl; +http://www.semrush.com/bot.html)"
103.230.156.120 - - [18/Apr/2026:12:16:19 +0000] "GET /wp-content/plugins/cookieadmin/assets/cookie/program.php HTTP/2" 404 796 "-" "Mozilla/5.0 (Linux; Android 12; Pixel 6) AppleWebKit/537.36 (KHTML, like Gecko) Chrome/99.0.4844.58 Mobile Safari/537.36"
185.191.171.19 - - [18/Apr/2026:12:16:32 +0000] "GET /items/D033295712/ HTTP/1.1" 404 796 "-" "Mozilla/5.0 (compatible; SemrushBot/7~bl; +http://www.semrush.com/bot.html)"
103.230.156.120 - - [18/Apr/2026:12:16:59 +0000] "GET /wp-content/plugins/cookieadmin/assets/cookie/program.php HTTP/2" 404 796 "-" "Mozilla/5.0 (Windows NT 10.0; Win64; x64) AppleWebKit/537.36 (KHTML, like Gecko) Chrome/104.0.0.0 Safari/537.36"
66.249.77.199 - - [18/Apr/2026:12:17:13 +0000] "GET /item/3567288 HTTP/1.1" 404 796 "-" "Mozilla/5.0 (Linux; Android 6.0.1; Nexus 5X Build/MMB29P) AppleWebKit/537.36 (KHTML, like Gecko) Chrome/146.0.7680.177 Mobile Safari/537.36 (compatible; Googlebot/2.1; +http://www.google.com/bot.html)"
85.208.96.193 - - [18/Apr/2026:12:17:25 +0000] "GET /items/D034423461/ HTTP/1.1" 404 796 "-" "Mozilla/5.0 (compatible; SemrushBot/7~bl; +http://www.semrush.com/bot.html)"
85.208.96.209 - - [18/Apr/2026:12:17:28 +0000] "GET /items/D031534807/ HTTP/1.1" 404 796 "-" "Mozilla/5.0 (compatible; SemrushBot/7~bl; +http://www.semrush.com/bot.html)"
185.191.171.3 - - [18/Apr/2026:12:18:36 +0000] "GET /items/D032127563/ HTTP/1.1" 404 796 "-" "Mozilla/5.0 (compatible; SemrushBot/7~bl; +http://www.semrush.com/bot.html)"
185.191.171.10 - - [18/Apr/2026:12:18:40 +0000] "GET /items/D032520326/ HTTP/1.1" 404 796 "-" "Mozilla/5.0 (compatible; SemrushBot/7~bl; +http://www.semrush.com/bot.html)"
216.73.217.114 - - [18/Apr/2026:12:18:47 +0000] "GET /sitemap-3.xml HTTP/2" 404 796 "-" "Mozilla/5.0 AppleWebKit/537.36 (KHTML, like Gecko; compatible; ClaudeBot/1.0; +claudebot@anthropic.com)"
185.191.171.14 - - [18/Apr/2026:12:19:27 +0000] "GET /items/D031727666/ HTTP/1.1" 404 796 "-" "Mozilla/5.0 (compatible; SemrushBot/7~bl; +http://www.semrush.com/bot.html)"
85.208.96.201 - - [18/Apr/2026:12:20:02 +0000] "GET /robots.txt HTTP/1.1" 200 136 "-" "Mozilla/5.0 (compatible; SemrushBot/7~bl; +http://www.semrush.com/bot.html)"
185.191.171.11 - - [18/Apr/2026:12:20:09 +0000] "GET /items/D034458825/ HTTP/1.1" 404 796 "-" "Mozilla/5.0 (compatible; SemrushBot/7~bl; +http://www.semrush.com/bot.html)"
185.191.171.17 - - [18/Apr/2026:12:20:37 +0000] "GET /items/D032633473/ HTTP/1.1" 404 796 "-" "Mozilla/5.0 (compatible; SemrushBot/7~bl; +http://www.semrush.com/bot.html)"
185.191.171.12 - - [18/Apr/2026:12:20:58 +0000] "GET /items/D034628793/ HTTP/1.1" 404 796 "-" "Mozilla/5.0 (compatible; SemrushBot/7~bl; +http://www.semrush.com/bot.html)"
85.208.96.206 - - [18/Apr/2026:12:22:38 +0000] "GET /items/D033074162/ HTTP/1.1" 404 796 "-" "Mozilla/5.0 (compatible; SemrushBot/7~bl; +http://www.semrush.com/bot.html)"
185.191.171.3 - - [18/Apr/2026:12:22:40 +0000] "GET /items/D031497039/ HTTP/1.1" 404 796 "-" "Mozilla/5.0 (compatible; SemrushBot/7~bl; +http://www.semrush.com/bot.html)"
216.73.217.114 - - [18/Apr/2026:12:18:39 +0000] "GET /sitemap.xml HTTP/2" 404 796 "-" "Mozilla/5.0 AppleWebKit/537.36 (KHTML, like Gecko; compatible; ClaudeBot/1.0; +claudebot@anthropic.com)"
85.208.96.210 - - [18/Apr/2026:12:18:46 +0000] "GET /items/D031697059/ HTTP/1.1" 404 796 "-" "Mozilla/5.0 (compatible; SemrushBot/7~bl; +http://www.semrush.com/bot.html)"
85.208.96.193 - - [18/Apr/2026:12:19:37 +0000] "GET /items/D032096736/ HTTP/1.1" 404 796 "-" "Mozilla/5.0 (compatible; SemrushBot/7~bl; +http://www.semrush.com/bot.html)"
185.191.171.2 - - [18/Apr/2026:12:19:39 +0000] "GET /items/D034318345/ HTTP/1.1" 404 796 "-" "Mozilla/5.0 (compatible; SemrushBot/7~bl; +http://www.semrush.com/bot.html)"
185.191.171.14 - - [18/Apr/2026:12:20:03 +0000] "GET /items/D033254260/ HTTP/1.1" 404 796 "-" "Mozilla/5.0 (compatible; SemrushBot/7~bl; +http://www.semrush.com/bot.html)"
85.208.96.203 - - [18/Apr/2026:12:20:11 +0000] "GET /items/D032498080/ HTTP/1.1" 404 796 "-" "Mozilla/5.0 (compatible; SemrushBot/7~bl; +http://www.semrush.com/bot.html)"
85.208.96.196 - - [18/Apr/2026:12:20:24 +0000] "GET /items/D034189325/ HTTP/1.1" 404 796 "-" "Mozilla/5.0 (compatible; SemrushBot/7~bl; +http://www.semrush.com/bot.html)"
51.68.247.217 - - [18/Apr/2026:12:20:38 +0000] "GET /item/3942310 HTTP/2" 404 796 "-" "Mozilla/5.0 (compatible; AhrefsBot/7.0; +http://ahrefs.com/robot/)"
185.191.171.7 - - [18/Apr/2026:12:20:40 +0000] "GET /items/D031018312/ HTTP/1.1" 404 796 "-" "Mozilla/5.0 (compatible; SemrushBot/7~bl; +http://www.semrush.com/bot.html)"
85.208.96.193 - - [18/Apr/2026:12:21:08 +0000] "GET /items/D032647528/ HTTP/1.1" 404 796 "-" "Mozilla/5.0 (compatible; SemrushBot/7~bl; +http://www.semrush.com/bot.html)"
85.208.96.207 - - [18/Apr/2026:12:21:26 +0000] "GET /items/D034125432/ HTTP/1.1" 404 796 "-" "Mozilla/5.0 (compatible; SemrushBot/7~bl; +http://www.semrush.com/bot.html)"
85.208.96.210 - - [18/Apr/2026:12:21:30 +0000] "GET /items/D033088953/ HTTP/1.1" 404 796 "-" "Mozilla/5.0 (compatible; SemrushBot/7~bl; +http://www.semrush.com/bot.html)"
185.191.171.2 - - [18/Apr/2026:12:21:36 +0000] "GET /items/D034344659/ HTTP/1.1" 404 796 "-" "Mozilla/5.0 (compatible; SemrushBot/7~bl; +http://www.semrush.com/bot.html)"
185.191.171.18 - - [18/Apr/2026:12:21:55 +0000] "GET /items/D031948157/ HTTP/1.1" 404 796 "-" "Mozilla/5.0 (compatible; SemrushBot/7~bl; +http://www.semrush.com/bot.html)"
85.208.96.193 - - [18/Apr/2026:12:22:17 +0000] "GET /items/D034291403/ HTTP/1.1" 404 796 "-" "Mozilla/5.0 (compatible; SemrushBot/7~bl; +http://www.semrush.com/bot.html)"
85.208.96.211 - - [18/Apr/2026:12:22:25 +0000] "GET /items/D033849340/ HTTP/1.1" 404 796 "-" "Mozilla/5.0 (compatible; SemrushBot/7~bl; +http://www.semrush.com/bot.html)"
85.208.96.200 - - [18/Apr/2026:12:23:39 +0000] "GET /items/D034824094/ HTTP/1.1" 404 796 "-" "Mozilla/5.0 (compatible; SemrushBot/7~bl; +http://www.semrush.com/bot.html)"
85.208.96.208 - - [18/Apr/2026:12:24:20 +0000] "GET /items/D033479321/ HTTP/1.1" 404 796 "-" "Mozilla/5.0 (compatible; SemrushBot/7~bl; +http://www.semrush.com/bot.html)"
185.191.171.2 - - [18/Apr/2026:12:24:54 +0000] "GET /items/D032806099/ HTTP/1.1" 404 796 "-" "Mozilla/5.0 (compatible; SemrushBot/7~bl; +http://www.semrush.com/bot.html)"
85.208.96.210 - - [18/Apr/2026:12:25:29 +0000] "GET /items/D034484619/ HTTP/1.1" 404 796 "-" "Mozilla/5.0 (compatible; SemrushBot/7~bl; +http://www.semrush.com/bot.html)"
85.208.96.197 - - [18/Apr/2026:12:26:21 +0000] "GET /items/D033162627/ HTTP/1.1" 404 796 "-" "Mozilla/5.0 (compatible; SemrushBot/7~bl; +http://www.semrush.com/bot.html)"
85.208.96.198 - - [18/Apr/2026:12:26:41 +0000] "GET /items/D033229513/ HTTP/1.1" 404 796 "-" "Mozilla/5.0 (compatible; SemrushBot/7~bl; +http://www.semrush.com/bot.html)"
92.222.108.115 - - [18/Apr/2026:12:26:56 +0000] "GET /item/3643304 HTTP/2" 404 796 "-" "Mozilla/5.0 (compatible; AhrefsBot/7.0; +http://ahrefs.com/robot/)"
185.191.171.13 - - [18/Apr/2026:12:22:56 +0000] "GET /items/D033773853/ HTTP/1.1" 404 796 "-" "Mozilla/5.0 (compatible; SemrushBot/7~bl; +http://www.semrush.com/bot.html)"
85.208.96.195 - - [18/Apr/2026:12:23:27 +0000] "GET /items/D032057637/ HTTP/1.1" 404 796 "-" "Mozilla/5.0 (compatible; SemrushBot/7~bl; +http://www.semrush.com/bot.html)"
54.37.118.84 - - [18/Apr/2026:12:23:39 +0000] "GET /item/3841320 HTTP/2" 404 796 "-" "Mozilla/5.0 (compatible; AhrefsBot/7.0; +http://ahrefs.com/robot/)"
85.208.96.200 - - [18/Apr/2026:12:23:44 +0000] "GET /items/D033973688/ HTTP/1.1" 404 796 "-" "Mozilla/5.0 (compatible; SemrushBot/7~bl; +http://www.semrush.com/bot.html)"
85.208.96.209 - - [18/Apr/2026:12:23:54 +0000] "GET /items/D032307802/ HTTP/1.1" 404 796 "-" "Mozilla/5.0 (compatible; SemrushBot/7~bl; +http://www.semrush.com/bot.html)"
185.191.171.10 - - [18/Apr/2026:12:24:09 +0000] "GET /items/D032879944/ HTTP/1.1" 404 796 "-" "Mozilla/5.0 (compatible; SemrushBot/7~bl; +http://www.semrush.com/bot.html)"
185.191.171.8 - - [18/Apr/2026:12:24:24 +0000] "GET /items/D033052815/ HTTP/1.1" 404 796 "-" "Mozilla/5.0 (compatible; SemrushBot/7~bl; +http://www.semrush.com/bot.html)"
85.208.96.206 - - [18/Apr/2026:12:24:40 +0000] "GET /items/D034212169/ HTTP/1.1" 404 796 "-" "Mozilla/5.0 (compatible; SemrushBot/7~bl; +http://www.semrush.com/bot.html)"
185.191.171.6 - - [18/Apr/2026:12:25:17 +0000] "GET /items/D031635367/ HTTP/1.1" 404 796 "-" "Mozilla/5.0 (compatible; SemrushBot/7~bl; +http://www.semrush.com/bot.html)"
85.208.96.201 - - [18/Apr/2026:12:25:27 +0000] "GET /items/D034541450/ HTTP/1.1" 404 796 "-" "Mozilla/5.0 (compatible; SemrushBot/7~bl; +http://www.semrush.com/bot.html)"
85.208.96.198 - - [18/Apr/2026:12:25:34 +0000] "GET /items/D034380303/ HTTP/1.1" 404 796 "-" "Mozilla/5.0 (compatible; SemrushBot/7~bl; +http://www.semrush.com/bot.html)"
85.208.96.197 - - [18/Apr/2026:12:25:42 +0000] "GET /items/D031393481/ HTTP/1.1" 404 796 "-" "Mozilla/5.0 (compatible; SemrushBot/7~bl; +http://www.semrush.com/bot.html)"
185.191.171.12 - - [18/Apr/2026:12:26:10 +0000] "GET /items/D034529524/ HTTP/1.1" 404 796 "-" "Mozilla/5.0 (compatible; SemrushBot/7~bl; +http://www.semrush.com/bot.html)"
85.208.96.207 - - [18/Apr/2026:12:26:44 +0000] "GET /items/D033917195/ HTTP/1.1" 404 796 "-" "Mozilla/5.0 (compatible; SemrushBot/7~bl; +http://www.semrush.com/bot.html)"
185.191.171.7 - - [18/Apr/2026:12:26:56 +0000] "GET /items/D031020933/ HTTP/1.1" 404 796 "-" "Mozilla/5.0 (compatible; SemrushBot/7~bl; +http://www.semrush.com/bot.html)"
185.191.171.17 - - [18/Apr/2026:12:27:03 +0000] "GET /items/D032113429/ HTTP/1.1" 404 796 "-" "Mozilla/5.0 (compatible; SemrushBot/7~bl; +http://www.semrush.com/bot.html)"
85.208.96.193 - - [18/Apr/2026:12:27:27 +0000] "GET /items/D032454129/ HTTP/1.1" 404 796 "-" "Mozilla/5.0 (compatible; SemrushBot/7~bl; +http://www.semrush.com/bot.html)"
185.191.171.9 - - [18/Apr/2026:12:27:53 +0000] "GET /items/D033827744/ HTTP/1.1" 404 796 "-" "Mozilla/5.0 (compatible; SemrushBot/7~bl; +http://www.semrush.com/bot.html)"
185.191.171.18 - - [18/Apr/2026:12:28:27 +0000] "GET /items/D032228899/ HTTP/1.1" 404 796 "-" "Mozilla/5.0 (compatible; SemrushBot/7~bl; +http://www.semrush.com/bot.html)"
185.191.171.5 - - [18/Apr/2026:12:28:29 +0000] "GET /items/D034026936/ HTTP/1.1" 404 796 "-" "Mozilla/5.0 (compatible; SemrushBot/7~bl; +http://www.semrush.com/bot.html)"
85.208.96.203 - - [18/Apr/2026:12:29:29 +0000] "GET /items/D031977888/ HTTP/1.1" 404 796 "-" "Mozilla/5.0 (compatible; SemrushBot/7~bl; +http://www.semrush.com/bot.html)"
85.208.96.199 - - [18/Apr/2026:12:29:42 +0000] "GET /items/D032377599/ HTTP/1.1" 404 796 "-" "Mozilla/5.0 (compatible; SemrushBot/7~bl; +http://www.semrush.com/bot.html)"
216.73.217.114 - - [18/Apr/2026:12:29:55 +0000] "GET /sitemap-12.xml HTTP/2" 404 796 "-" "Mozilla/5.0 AppleWebKit/537.36 (KHTML, like Gecko; compatible; ClaudeBot/1.0; +claudebot@anthropic.com)"
185.191.171.4 - - [18/Apr/2026:12:27:45 +0000] "GET /items/D031873705/ HTTP/1.1" 404 796 "-" "Mozilla/5.0 (compatible; SemrushBot/7~bl; +http://www.semrush.com/bot.html)"
216.73.217.114 - - [18/Apr/2026:12:28:07 +0000] "GET /sitemap-11.xml HTTP/2" 404 796 "-" "Mozilla/5.0 AppleWebKit/537.36 (KHTML, like Gecko; compatible; ClaudeBot/1.0; +claudebot@anthropic.com)"
85.208.96.203 - - [18/Apr/2026:12:28:09 +0000] "GET /items/D033514711/ HTTP/1.1" 404 796 "-" "Mozilla/5.0 (compatible; SemrushBot/7~bl; +http://www.semrush.com/bot.html)"
216.73.217.114 - - [18/Apr/2026:12:28:39 +0000] "GET /sitemap-14.xml HTTP/2" 404 796 "-" "Mozilla/5.0 AppleWebKit/537.36 (KHTML, like Gecko; compatible; ClaudeBot/1.0; +claudebot@anthropic.com)"
185.191.171.10 - - [18/Apr/2026:12:28:45 +0000] "GET /items/D034346388/ HTTP/1.1" 404 796 "-" "Mozilla/5.0 (compatible; SemrushBot/7~bl; +http://www.semrush.com/bot.html)"
85.208.96.193 - - [18/Apr/2026:12:28:55 +0000] "GET /items/D031142913/ HTTP/1.1" 404 796 "-" "Mozilla/5.0 (compatible; SemrushBot/7~bl; +http://www.semrush.com/bot.html)"
85.208.96.195 - - [18/Apr/2026:12:28:56 +0000] "GET /items/D032610547/ HTTP/1.1" 404 796 "-" "Mozilla/5.0 (compatible; SemrushBot/7~bl; +http://www.semrush.com/bot.html)"
185.191.171.18 - - [18/Apr/2026:12:29:26 +0000] "GET /items/D031926364/ HTTP/1.1" 404 796 "-" "Mozilla/5.0 (compatible; SemrushBot/7~bl; +http://www.semrush.com/bot.html)"
85.208.96.209 - - [18/Apr/2026:12:29:39 +0000] "GET /items/D032764836/ HTTP/1.1" 404 796 "-" "Mozilla/5.0 (compatible; SemrushBot/7~bl; +http://www.semrush.com/bot.html)"
176.31.139.8 - - [18/Apr/2026:12:29:44 +0000] "GET /item/3603780 HTTP/2" 404 796 "-" "Mozilla/5.0 (compatible; AhrefsBot/7.0; +http://ahrefs.com/robot/)"
185.191.171.2 - - [18/Apr/2026:12:29:54 +0000] "GET /items/D033106651/ HTTP/1.1" 404 796 "-" "Mozilla/5.0 (compatible; SemrushBot/7~bl; +http://www.semrush.com/bot.html)"
85.208.96.205 - - [18/Apr/2026:12:30:28 +0000] "GET /items/D032162253/ HTTP/1.1" 404 796 "-" "Mozilla/5.0 (compatible; SemrushBot/7~bl; +http://www.semrush.com/bot.html)"
185.191.171.11 - - [18/Apr/2026:12:30:34 +0000] "GET /items/D034078790/ HTTP/1.1" 404 796 "-" "Mozilla/5.0 (compatible; SemrushBot/7~bl; +http://www.semrush.com/bot.html)"
85.208.96.195 - - [18/Apr/2026:12:30:44 +0000] "GET /items/D032782936/ HTTP/1.1" 404 796 "-" "Mozilla/5.0 (compatible; SemrushBot/7~bl; +http://www.semrush.com/bot.html)"
185.191.171.6 - - [18/Apr/2026:12:31:01 +0000] "GET /items/D033952309/ HTTP/1.1" 404 796 "-" "Mozilla/5.0 (compatible; SemrushBot/7~bl; +http://www.semrush.com/bot.html)"
185.191.171.15 - - [18/Apr/2026:12:32:02 +0000] "GET /items/D031748572/ HTTP/1.1" 404 796 "-" "Mozilla/5.0 (compatible; SemrushBot/7~bl; +http://www.semrush.com/bot.html)"
85.208.96.210 - - [18/Apr/2026:12:32:16 +0000] "GET /items/D032753980/ HTTP/1.1" 404 796 "-" "Mozilla/5.0 (compatible; SemrushBot/7~bl; +http://www.semrush.com/bot.html)"
85.208.96.206 - - [18/Apr/2026:12:32:31 +0000] "GET /items/D033782532/ HTTP/1.1" 404 796 "-" "Mozilla/5.0 (compatible; SemrushBot/7~bl; +http://www.semrush.com/bot.html)"
54.37.118.65 - - [18/Apr/2026:12:32:55 +0000] "GET /item/3374468 HTTP/2" 404 796 "-" "Mozilla/5.0 (compatible; AhrefsBot/7.0; +http://ahrefs.com/robot/)"
185.191.171.18 - - [18/Apr/2026:12:32:56 +0000] "GET /items/D034155413/ HTTP/1.1" 404 796 "-" "Mozilla/5.0 (compatible; SemrushBot/7~bl; +http://www.semrush.com/bot.html)"
185.191.171.14 - - [18/Apr/2026:12:33:02 +0000] "GET /items/D031390348/ HTTP/1.1" 404 796 "-" "Mozilla/5.0 (compatible; SemrushBot/7~bl; +http://www.semrush.com/bot.html)"
85.208.96.207 - - [18/Apr/2026:12:33:41 +0000] "GET /items/D031305577/ HTTP/1.1" 404 796 "-" "Mozilla/5.0 (compatible; SemrushBot/7~bl; +http://www.semrush.com/bot.html)"
185.191.171.19 - - [18/Apr/2026:12:33:45 +0000] "GET /items/D032011327/ HTTP/1.1" 404 796 "-" "Mozilla/5.0 (compatible; SemrushBot/7~bl; +http://www.semrush.com/bot.html)"
216.73.217.114 - - [18/Apr/2026:12:29:55 +0000] "GET /sitemap-16.xml HTTP/2" 404 796 "-" "Mozilla/5.0 AppleWebKit/537.36 (KHTML, like Gecko; compatible; ClaudeBot/1.0; +claudebot@anthropic.com)"
